Last updated on 2025-04-30 04:50:11 CEST.
Flavor | Version | Tinstall | Tcheck | Ttotal | Status | Flags |
---|---|---|---|---|---|---|
r-devel-linux-x86_64-debian-clang | 0.13 | 2.13 | 19.97 | 22.10 | NOTE | |
r-devel-linux-x86_64-debian-gcc | 0.13 | 1.64 | 16.35 | 17.99 | NOTE | |
r-devel-linux-x86_64-fedora-clang | 0.13 | 32.28 | OK | |||
r-devel-linux-x86_64-fedora-gcc | 0.13 | 32.95 | OK | |||
r-devel-windows-x86_64 | 0.13 | 6.00 | 50.00 | 56.00 | OK | |
r-patched-linux-x86_64 | 0.13 | 1.85 | 17.82 | 19.67 | OK | |
r-release-linux-x86_64 | 0.13 | 1.70 | 18.09 | 19.79 | OK | |
r-release-macos-arm64 | 0.13 | 18.00 | OK | |||
r-release-macos-x86_64 | 0.13 | 27.00 | OK | |||
r-release-windows-x86_64 | 0.13 | 7.00 | 62.00 | 69.00 | OK | |
r-oldrel-macos-arm64 | 0.13 | 41.00 | OK | |||
r-oldrel-macos-x86_64 | 0.13 | 81.00 | OK | |||
r-oldrel-windows-x86_64 | 0.13 | 9.00 | 43.00 | 52.00 | OK |
Version: 0.13
Check: DESCRIPTION meta-information
Result: NOTE
Author field differs from that derived from Authors@R
Author: ‘Yihui Xie [aut, cre] (<https://orcid.org/0000-0003-0645-5666>, https://yihui.org), Jeffrey Horner [ctb], Beilei Bian [ctb]’
Authors@R: ‘Yihui Xie [aut, cre] (ORCID: <https://orcid.org/0000-0003-0645-5666>, URL: https://yihui.org), Jeffrey Horner [ctb], Beilei Bian [ctb]’
Flavors: r-devel-linux-x86_64-debian-clang, r-devel-linux-x86_64-debian-gcc