Last updated on 2025-04-30 04:50:11 CEST.
Flavor | Version | Tinstall | Tcheck | Ttotal | Status | Flags |
---|---|---|---|---|---|---|
r-devel-linux-x86_64-debian-clang | 0.0.1.3 | 3.74 | 43.46 | 47.20 | NOTE | |
r-devel-linux-x86_64-debian-gcc | 0.0.1.3 | 2.62 | 32.08 | 34.70 | OK | |
r-devel-linux-x86_64-fedora-clang | 0.0.1.3 | 74.45 | OK | |||
r-devel-linux-x86_64-fedora-gcc | 0.0.1.3 | 91.33 | OK | |||
r-devel-windows-x86_64 | 0.0.1.3 | 4.00 | 66.00 | 70.00 | OK | |
r-patched-linux-x86_64 | 0.0.1.3 | 3.98 | 41.03 | 45.01 | OK | |
r-release-linux-x86_64 | 0.0.1.3 | 3.36 | 41.33 | 44.69 | OK | |
r-release-macos-arm64 | 0.0.1.3 | 35.00 | OK | |||
r-release-macos-x86_64 | 0.0.1.3 | 57.00 | OK | |||
r-release-windows-x86_64 | 0.0.1.3 | 4.00 | 65.00 | 69.00 | OK | |
r-oldrel-macos-arm64 | 0.0.1.3 | 30.00 | OK | |||
r-oldrel-macos-x86_64 | 0.0.1.3 | 58.00 | OK | |||
r-oldrel-windows-x86_64 | 0.0.1.3 | 5.00 | 69.00 | 74.00 | OK |
Version: 0.0.1.3
Check: examples
Result: NOTE
Examples with CPU (user + system) or elapsed time > 5s
user system elapsed
mimiSBM 6.774 0.183 9.245
Flavor: r-devel-linux-x86_64-debian-clang