CRAN Package Check Results for Package minMSE

Last updated on 2025-04-30 04:50:11 CEST.

Flavor Version Tinstall Tcheck Ttotal Status Flags
r-devel-linux-x86_64-debian-clang 0.5.1 10.51 27.10 37.61 NOTE
r-devel-linux-x86_64-debian-gcc 0.5.1 7.46 20.80 28.26 NOTE
r-devel-linux-x86_64-fedora-clang 0.5.1 62.76 OK
r-devel-linux-x86_64-fedora-gcc 0.5.1 63.39 OK
r-devel-windows-x86_64 0.5.1 13.00 69.00 82.00 OK
r-patched-linux-x86_64 0.5.1 11.14 25.84 36.98 OK
r-release-linux-x86_64 0.5.1 9.93 25.81 35.74 OK
r-release-macos-arm64 0.5.1 22.00 OK
r-release-macos-x86_64 0.5.1 36.00 OK
r-release-windows-x86_64 0.5.1 14.00 68.00 82.00 OK
r-oldrel-macos-arm64 0.5.1 21.00 OK
r-oldrel-macos-x86_64 0.5.1 31.00 OK
r-oldrel-windows-x86_64 0.5.1 12.00 72.00 84.00 OK

Check Details

Version: 0.5.1
Check: CRAN incoming feasibility
Result: NOTE Maintainer: ‘Sebastian O. Schneider <sschneider@coll.mpg.de>’ No Authors@R field in DESCRIPTION. Please add one, modifying Authors@R: c(person(given = c("Sebastian", "O."), family = "Schneider", role = c("aut", "cre"), email = "sschneider@coll.mpg.de"), person(given = "Giulia", family = "Baldini", role = "aut")) as necessary. Flavors: r-devel-linux-x86_64-debian-clang, r-devel-linux-x86_64-debian-gcc