Last updated on 2025-04-30 04:50:11 CEST.
Flavor | Version | Tinstall | Tcheck | Ttotal | Status | Flags |
---|---|---|---|---|---|---|
r-devel-linux-x86_64-debian-clang | 1.0.0 | 5.82 | 51.79 | 57.61 | NOTE | |
r-devel-linux-x86_64-debian-gcc | 1.0.0 | 4.02 | 36.13 | 40.15 | NOTE | |
r-devel-linux-x86_64-fedora-clang | 1.0.0 | 80.34 | OK | |||
r-devel-linux-x86_64-fedora-gcc | 1.0.0 | 81.24 | OK | |||
r-devel-windows-x86_64 | 1.0.0 | 8.00 | 71.00 | 79.00 | OK | |
r-patched-linux-x86_64 | 1.0.0 | 5.46 | 48.28 | 53.74 | OK | |
r-release-linux-x86_64 | 1.0.0 | 4.64 | 47.65 | 52.29 | OK | |
r-release-macos-arm64 | 1.0.0 | 40.00 | OK | |||
r-release-macos-x86_64 | 1.0.0 | 40.00 | OK | |||
r-release-windows-x86_64 | 1.0.0 | 8.00 | 73.00 | 81.00 | OK | |
r-oldrel-macos-arm64 | 1.0.0 | 29.00 | NOTE | |||
r-oldrel-macos-x86_64 | 1.0.0 | 38.00 | NOTE | |||
r-oldrel-windows-x86_64 | 1.0.0 | 10.00 | 82.00 | 92.00 | OK |
Version: 1.0.0
Check: CRAN incoming feasibility
Result: NOTE
Maintainer: ‘Allison Throm <throm@wustl.edu>’
No Authors@R field in DESCRIPTION.
Please add one, modifying
Authors@R: person(given = "Allison",
family = "Throm",
role = c("aut", "cre"),
email = "throm@wustl.edu")
as necessary.
Flavors: r-devel-linux-x86_64-debian-clang, r-devel-linux-x86_64-debian-gcc
Version: 1.0.0
Check: installed package size
Result: NOTE
installed size is 5.6Mb
sub-directories of 1Mb or more:
data 5.5Mb
Flavors: r-oldrel-macos-arm64, r-oldrel-macos-x86_64