Last updated on 2025-04-30 04:50:11 CEST.
Flavor | Version | Tinstall | Tcheck | Ttotal | Status | Flags |
---|---|---|---|---|---|---|
r-devel-linux-x86_64-debian-clang | 0.1.1 | 43.20 | 329.69 | 372.89 | OK | |
r-devel-linux-x86_64-debian-gcc | 0.1.1 | 25.13 | 217.76 | 242.89 | OK | |
r-devel-linux-x86_64-fedora-clang | 0.1.1 | 600.39 | OK | |||
r-devel-linux-x86_64-fedora-gcc | 0.1.1 | 547.67 | OK | |||
r-devel-windows-x86_64 | 0.1.1 | 35.00 | 244.00 | 279.00 | OK | |
r-patched-linux-x86_64 | 0.1.1 | 36.82 | 305.63 | 342.45 | OK | |
r-release-linux-x86_64 | 0.1.1 | 40.96 | 305.14 | 346.10 | OK | |
r-release-macos-arm64 | 0.1.1 | 123.00 | OK | |||
r-release-macos-x86_64 | 0.1.1 | 6.00 | ERROR | |||
r-release-windows-x86_64 | 0.1.1 | 34.00 | 246.00 | 280.00 | OK | |
r-oldrel-macos-arm64 | 0.1.1 | 112.00 | OK | |||
r-oldrel-macos-x86_64 | 0.1.1 | 174.00 | OK | |||
r-oldrel-windows-x86_64 | 0.1.1 | 46.00 | 373.00 | 419.00 | OK |
Version: 0.1.1
Check: package dependencies
Result: ERROR
Package required but not available: ‘InteractiveComplexHeatmap’
See section ‘The DESCRIPTION file’ in the ‘Writing R Extensions’
manual.
Flavor: r-release-macos-x86_64