Last updated on 2025-04-30 04:50:11 CEST.
Flavor | Version | Tinstall | Tcheck | Ttotal | Status | Flags |
---|---|---|---|---|---|---|
r-devel-linux-x86_64-debian-clang | 0.1.0 | 122.58 | 164.40 | 286.98 | NOTE | |
r-devel-linux-x86_64-debian-gcc | 0.1.0 | 122.66 | 126.14 | 248.80 | NOTE | |
r-devel-linux-x86_64-fedora-clang | 0.1.0 | 440.07 | NOTE | |||
r-devel-linux-x86_64-fedora-gcc | 0.1.0 | 529.73 | NOTE | |||
r-devel-windows-x86_64 | 0.1.0 | 144.00 | 197.00 | 341.00 | NOTE | |
r-patched-linux-x86_64 | 0.1.0 | 145.46 | 166.87 | 312.33 | NOTE | |
r-release-linux-x86_64 | 0.1.0 | 140.36 | 168.62 | 308.98 | NOTE | |
r-release-macos-arm64 | 0.1.0 | 119.00 | NOTE | |||
r-release-macos-x86_64 | 0.1.0 | 304.00 | NOTE | |||
r-release-windows-x86_64 | 0.1.0 | 141.00 | 200.00 | 341.00 | NOTE | |
r-oldrel-macos-arm64 | 0.1.0 | 70.00 | NOTE | |||
r-oldrel-macos-x86_64 | 0.1.0 | 127.00 | NOTE | |||
r-oldrel-windows-x86_64 | 0.1.0 | 161.00 | 255.00 | 416.00 | NOTE |
Version: 0.1.0
Check: DESCRIPTION meta-information
Result: NOTE
Missing dependency on R >= 4.1.0 because package code uses the pipe
|> or function shorthand \(...) syntax added in R 4.1.0.
File(s) using such syntax:
‘estimate.R’ ‘formula.R’ ‘toy_data.R’
Flavors: r-devel-linux-x86_64-debian-clang, r-devel-linux-x86_64-debian-gcc, r-devel-linux-x86_64-fedora-clang, r-devel-linux-x86_64-fedora-gcc, r-devel-windows-x86_64, r-patched-linux-x86_64, r-release-linux-x86_64, r-release-macos-arm64, r-release-macos-x86_64, r-release-windows-x86_64
Version: 0.1.0
Check: installed package size
Result: NOTE
installed size is 42.4Mb
sub-directories of 1Mb or more:
libs 41.9Mb
Flavors: r-oldrel-macos-arm64, r-oldrel-macos-x86_64
Version: 0.1.0
Check: for GNU extensions in Makefiles
Result: NOTE
GNU make is a SystemRequirements.
Flavors: r-oldrel-macos-arm64, r-oldrel-macos-x86_64, r-oldrel-windows-x86_64