Last updated on 2025-04-30 04:50:11 CEST.
Flavor | Version | Tinstall | Tcheck | Ttotal | Status | Flags |
---|---|---|---|---|---|---|
r-devel-linux-x86_64-debian-clang | 1.0.1 | 39.91 | 25.52 | 65.43 | OK | |
r-devel-linux-x86_64-debian-gcc | 1.0.1 | 34.55 | 24.10 | 58.65 | OK | |
r-devel-linux-x86_64-fedora-clang | 1.0.1 | 109.19 | OK | |||
r-devel-linux-x86_64-fedora-gcc | 1.0.1 | 122.35 | OK | |||
r-devel-windows-x86_64 | 1.0.1 | 42.00 | 72.00 | 114.00 | OK | |
r-patched-linux-x86_64 | 1.0.1 | 43.63 | 28.98 | 72.61 | OK | |
r-release-linux-x86_64 | 1.0.1 | 44.99 | 29.12 | 74.11 | OK | |
r-release-macos-arm64 | 1.0.1 | 45.00 | OK | |||
r-release-macos-x86_64 | 1.0.1 | 78.00 | OK | |||
r-release-windows-x86_64 | 1.0.1 | 44.00 | 70.00 | 114.00 | OK | |
r-oldrel-macos-arm64 | 1.0.1 | 36.00 | NOTE | |||
r-oldrel-macos-x86_64 | 1.0.1 | 57.00 | NOTE | |||
r-oldrel-windows-x86_64 | 1.0.1 | 47.00 | 75.00 | 122.00 | OK |
Version: 1.0.1
Check: installed package size
Result: NOTE
installed size is 22.5Mb
sub-directories of 1Mb or more:
libs 22.4Mb
Flavors: r-oldrel-macos-arm64, r-oldrel-macos-x86_64