Last updated on 2025-04-30 04:50:11 CEST.
Flavor | Version | Tinstall | Tcheck | Ttotal | Status | Flags |
---|---|---|---|---|---|---|
r-devel-linux-x86_64-debian-clang | 1.0.1 | 12.63 | 19.72 | 32.35 | OK | |
r-devel-linux-x86_64-debian-gcc | 1.0.1 | 9.14 | 16.34 | 25.48 | OK | |
r-devel-linux-x86_64-fedora-clang | 1.0.1 | 59.13 | OK | |||
r-devel-linux-x86_64-fedora-gcc | 1.0.1 | 52.12 | OK | |||
r-devel-windows-x86_64 | 1.0.1 | 37.00 | 63.00 | 100.00 | OK | |
r-patched-linux-x86_64 | 1.0.1 | 12.79 | 18.79 | 31.58 | OK | |
r-release-linux-x86_64 | 1.0.1 | 11.67 | 18.94 | 30.61 | OK | |
r-release-macos-arm64 | 1.0.1 | 27.00 | OK | |||
r-release-macos-x86_64 | 1.0.1 | 42.00 | OK | |||
r-release-windows-x86_64 | 1.0.1 | 37.00 | 64.00 | 101.00 | OK | |
r-oldrel-macos-arm64 | 1.0.1 | 30.00 | NOTE | |||
r-oldrel-macos-x86_64 | 1.0.1 | 53.00 | NOTE | |||
r-oldrel-windows-x86_64 | 1.0.1 | 31.00 | 70.00 | 101.00 | NOTE |
Version: 1.0.1
Check: installed package size
Result: NOTE
installed size is 41.2Mb
sub-directories of 1Mb or more:
libs 1.4Mb
redengine 39.6Mb
Flavors: r-oldrel-macos-arm64, r-oldrel-macos-x86_64, r-oldrel-windows-x86_64