Last updated on 2025-04-30 04:50:11 CEST.
Flavor | Version | Tinstall | Tcheck | Ttotal | Status | Flags |
---|---|---|---|---|---|---|
r-devel-linux-x86_64-debian-clang | 0.3.1 | 8.79 | 141.84 | 150.63 | NOTE | |
r-devel-linux-x86_64-debian-gcc | 0.3.1 | 6.02 | 93.87 | 99.89 | OK | |
r-devel-linux-x86_64-fedora-clang | 0.3.1 | 230.92 | OK | |||
r-devel-linux-x86_64-fedora-gcc | 0.3.1 | 236.74 | OK | |||
r-devel-windows-x86_64 | 0.3.1 | 13.00 | 148.00 | 161.00 | OK | |
r-patched-linux-x86_64 | 0.3.1 | 9.92 | 133.27 | 143.19 | OK | |
r-release-linux-x86_64 | 0.3.1 | 8.92 | 132.60 | 141.52 | OK | |
r-release-macos-arm64 | 0.3.1 | 66.00 | OK | |||
r-release-macos-x86_64 | 0.3.1 | 193.00 | OK | |||
r-release-windows-x86_64 | 0.3.1 | 13.00 | 145.00 | 158.00 | OK | |
r-oldrel-macos-arm64 | 0.3.1 | 66.00 | OK | |||
r-oldrel-macos-x86_64 | 0.3.1 | 170.00 | OK | |||
r-oldrel-windows-x86_64 | 0.3.1 | 16.00 | 186.00 | 202.00 | OK |
Version: 0.3.1
Check: examples
Result: NOTE
Examples with CPU (user + system) or elapsed time > 5s
user system elapsed
mipplot_return_table 3.648 0.912 6.89
Flavor: r-devel-linux-x86_64-debian-clang