Last updated on 2025-04-30 04:50:11 CEST.
Flavor | Version | Tinstall | Tcheck | Ttotal | Status | Flags |
---|---|---|---|---|---|---|
r-devel-linux-x86_64-debian-clang | 0.0.3 | 2.53 | 23.87 | 26.40 | NOTE | |
r-devel-linux-x86_64-debian-gcc | 0.0.3 | 1.98 | 18.70 | 20.68 | OK | |
r-devel-linux-x86_64-fedora-clang | 0.0.3 | 40.08 | OK | |||
r-devel-linux-x86_64-fedora-gcc | 0.0.3 | 38.35 | OK | |||
r-devel-windows-x86_64 | 0.0.3 | 4.00 | 53.00 | 57.00 | OK | |
r-patched-linux-x86_64 | 0.0.3 | 2.23 | 22.52 | 24.75 | OK | |
r-release-linux-x86_64 | 0.0.3 | 2.29 | 22.80 | 25.09 | OK | |
r-release-macos-arm64 | 0.0.3 | 25.00 | OK | |||
r-release-macos-x86_64 | 0.0.3 | 36.00 | OK | |||
r-release-windows-x86_64 | 0.0.3 | 4.00 | 50.00 | 54.00 | OK | |
r-oldrel-macos-arm64 | 0.0.3 | 31.00 | OK | |||
r-oldrel-macos-x86_64 | 0.0.3 | 49.00 | OK | |||
r-oldrel-windows-x86_64 | 0.0.3 | 3.00 | 50.00 | 53.00 | OK |
Version: 0.0.3
Check: examples
Result: NOTE
Examples with CPU (user + system) or elapsed time > 5s
user system elapsed
mirrorselect 0.396 0.1 5.104
Flavor: r-devel-linux-x86_64-debian-clang