Last updated on 2025-04-30 04:50:11 CEST.
Flavor | Version | Tinstall | Tcheck | Ttotal | Status | Flags |
---|---|---|---|---|---|---|
r-devel-linux-x86_64-debian-clang | 1.44.0 | 124.33 | 243.30 | 367.63 | OK | |
r-devel-linux-x86_64-debian-gcc | 1.44.0 | 82.88 | 156.42 | 239.30 | OK | |
r-devel-linux-x86_64-fedora-clang | 1.44.0 | 610.97 | OK | |||
r-devel-linux-x86_64-fedora-gcc | 1.44.0 | 603.85 | OK | |||
r-devel-windows-x86_64 | 1.44.0 | 129.00 | 258.00 | 387.00 | OK | |
r-patched-linux-x86_64 | 1.44.0 | 126.87 | 224.84 | 351.71 | OK | |
r-release-linux-x86_64 | 1.44.0 | 126.42 | 225.43 | 351.85 | OK | |
r-release-macos-arm64 | 1.44.0 | 132.00 | OK | |||
r-release-macos-x86_64 | 1.44.0 | 269.00 | OK | |||
r-release-windows-x86_64 | 1.44.0 | 130.00 | 257.00 | 387.00 | OK | |
r-oldrel-macos-arm64 | 1.44.0 | 139.00 | NOTE | |||
r-oldrel-macos-x86_64 | 1.44.0 | 247.00 | NOTE | |||
r-oldrel-windows-x86_64 | 1.44.0 | 153.00 | 339.00 | 492.00 | OK |
Version: 1.44.0
Check: installed package size
Result: NOTE
installed size is 10.2Mb
sub-directories of 1Mb or more:
R 2.1Mb
libs 7.5Mb
Flavors: r-oldrel-macos-arm64, r-oldrel-macos-x86_64