Last updated on 2025-04-30 04:50:11 CEST.
Flavor | Version | Tinstall | Tcheck | Ttotal | Status | Flags |
---|---|---|---|---|---|---|
r-devel-linux-x86_64-debian-clang | 1.0.1 | 2.54 | 266.18 | 268.72 | NOTE | |
r-devel-linux-x86_64-debian-gcc | 1.0.1 | 2.24 | 140.09 | 142.33 | NOTE | |
r-devel-linux-x86_64-fedora-clang | 1.0.1 | 441.55 | OK | |||
r-devel-linux-x86_64-fedora-gcc | 1.0.1 | 436.17 | OK | |||
r-devel-windows-x86_64 | 1.0.1 | 4.00 | 237.00 | 241.00 | OK | |
r-patched-linux-x86_64 | 1.0.1 | 3.49 | 252.22 | 255.71 | OK | |
r-release-linux-x86_64 | 1.0.1 | 2.58 | 246.87 | 249.45 | OK | |
r-release-macos-arm64 | 1.0.1 | 94.00 | OK | |||
r-release-macos-x86_64 | 1.0.1 | 296.00 | OK | |||
r-release-windows-x86_64 | 1.0.1 | 4.00 | 233.00 | 237.00 | OK | |
r-oldrel-macos-arm64 | 1.0.1 | 80.00 | OK | |||
r-oldrel-macos-x86_64 | 1.0.1 | 136.00 | OK | |||
r-oldrel-windows-x86_64 | 1.0.1 | 4.00 | 294.00 | 298.00 | OK |
Version: 1.0.1
Check: CRAN incoming feasibility
Result: NOTE
Maintainer: ‘Julie Josse <julie.josserennes@gmail.com>’
Package CITATION file contains call(s) to old-style personList() or
as.personList(). Please use c() on person objects instead.
Package CITATION file contains call(s) to old-style citEntry(). Please
use bibentry() instead.
Flavors: r-devel-linux-x86_64-debian-clang, r-devel-linux-x86_64-debian-gcc
Version: 1.0.1
Check: examples
Result: NOTE
Examples with CPU (user + system) or elapsed time > 5s
user system elapsed
miss.glm.model.select 8.005 0.003 10.409
miss.glm 4.296 0.000 6.139
Flavor: r-devel-linux-x86_64-debian-clang