CRAN Package Check Results for Package missMDA

Last updated on 2025-04-30 04:50:11 CEST.

Flavor Version Tinstall Tcheck Ttotal Status Flags
r-devel-linux-x86_64-debian-clang 1.19 16.84 115.97 132.81 NOTE
r-devel-linux-x86_64-debian-gcc 1.19 11.10 80.43 91.53 NOTE
r-devel-linux-x86_64-fedora-clang 1.19 198.38 OK
r-devel-linux-x86_64-fedora-gcc 1.19 200.54 OK
r-devel-windows-x86_64 1.19 18.00 124.00 142.00 NOTE
r-patched-linux-x86_64 1.19 16.64 108.63 125.27 NOTE
r-release-linux-x86_64 1.19 14.16 109.21 123.37 NOTE
r-release-macos-arm64 1.19 54.00 OK
r-release-macos-x86_64 1.19 121.00 OK
r-release-windows-x86_64 1.19 18.00 120.00 138.00 NOTE
r-oldrel-macos-arm64 1.19 58.00 OK
r-oldrel-macos-x86_64 1.19 87.00 OK
r-oldrel-windows-x86_64 1.19 23.00 152.00 175.00 OK

Check Details

Version: 1.19
Check: CRAN incoming feasibility
Result: NOTE Maintainer: ‘Francois Husson <francois.husson@institut-agro.fr>’ No Authors@R field in DESCRIPTION. Please add one, modifying Authors@R: c(person(given = "Francois", family = "Husson", role = c("aut", "cre"), email = "francois.husson@institut-agro.fr"), person(given = "Julie", family = "Josse", role = "aut")) as necessary. Flavors: r-devel-linux-x86_64-debian-clang, r-devel-linux-x86_64-debian-gcc

Version: 1.19
Check: Rd cross-references
Result: NOTE Found the following Rd file(s) with Rd \link{} targets missing package anchors: MIFAMD.Rd: with.mids, pool, summary.mira MIMCA.Rd: with.mids, pool, summary.mira MIPCA.Rd: with.mids, pool, summary.mira prelim.Rd: with.mids, pool, summary.mira Please provide package anchors for all Rd \link{} targets not in the package itself and the base packages. Flavors: r-devel-linux-x86_64-debian-clang, r-devel-linux-x86_64-debian-gcc, r-devel-windows-x86_64, r-patched-linux-x86_64, r-release-linux-x86_64, r-release-windows-x86_64