Last updated on 2025-04-30 04:50:11 CEST.
Flavor | Version | Tinstall | Tcheck | Ttotal | Status | Flags |
---|---|---|---|---|---|---|
r-devel-linux-x86_64-debian-clang | 1.0.5 | 87.36 | 265.13 | 352.49 | ERROR | |
r-devel-linux-x86_64-debian-gcc | 1.0.5 | 60.39 | 192.12 | 252.51 | NOTE | |
r-devel-linux-x86_64-fedora-clang | 1.0.5 | 569.52 | OK | |||
r-devel-linux-x86_64-fedora-gcc | 1.0.5 | 590.43 | OK | |||
r-devel-windows-x86_64 | 1.0.5 | 97.00 | 366.00 | 463.00 | OK | |
r-patched-linux-x86_64 | 1.0.5 | 86.23 | 266.59 | 352.82 | OK | |
r-release-linux-x86_64 | 1.0.5 | 85.52 | 267.40 | 352.92 | OK | |
r-release-macos-arm64 | 1.0.5 | 171.00 | OK | |||
r-release-macos-x86_64 | 1.0.5 | 215.00 | OK | |||
r-release-windows-x86_64 | 1.0.5 | 97.00 | 316.00 | 413.00 | OK | |
r-oldrel-macos-arm64 | 1.0.5 | 166.00 | NOTE | |||
r-oldrel-macos-x86_64 | 1.0.5 | 281.00 | NOTE | |||
r-oldrel-windows-x86_64 | 1.0.5 | 113.00 | 429.00 | 542.00 | OK |
Version: 1.0.5
Check: examples
Result: NOTE
Examples with CPU (user + system) or elapsed time > 5s
user system elapsed
missSBM_collection 6.328 0.057 7.854
estimateMissSBM 5.788 0.124 7.031
missSBM_fit 4.802 0.081 6.634
Flavor: r-devel-linux-x86_64-debian-clang
Version: 1.0.5
Check: tests
Result: ERROR
Running ‘spelling.R’ [0s/0s]
Running ‘testthat.R’ [99s/104s]
Running the tests in ‘tests/testthat.R’ failed.
Complete output:
> library(testthat)
> library(missSBM)
>
> test_check("missSBM")
Adjusting Variational EM for Stochastic Block Model
Dyads are distributed according to a 'undirected' SBM.
Imputation assumes a 'covar-dyad' network-sampling process
iteration #: 2
iteration #: 3
Adjusting Variational EM for Stochastic Block Model
Dyads are distributed according to a 'undirected' SBM.
Imputation assumes a 'dyad' network-sampling process
iteration #: 2
iteration #: 3
Adjusting Variational EM for Stochastic Block Model
Dyads are distributed according to a 'undirected' SBM.
Imputation assumes a 'covar-node' network-sampling process
iteration #: 2
iteration #: 3
iteration #: 4
iteration #: 5
iteration #: 6
Adjusting Variational EM for Stochastic Block Model
Dyads are distributed according to a 'undirected' SBM.
Imputation assumes a 'node' network-sampling process
iteration #: 2
iteration #: 3
Tested sampling:
- dyad
- node
- double-standard
- block-node
- block-dyad
Adjusting Variational EM for Stochastic Block Model
Imputation assumes a 'dyad' network-sampling process
Initialization of 3 model(s).
Tested sampling:
- dyad
- node
- double-standard
- block-node
- block-dyadTested sampling:
- dyad
- node
- double-standard
- block-node
- block-dyad
sampling: dyad new better on connectivity
node
double-standard
block-node new better on mixture
Adjusting Variational EM for Stochastic Block Model
iteration #: 2
iteration #: 3
iteration #: 4
iteration #: 5
iteration #: 6
iteration #: 7
iteration #: 8
iteration #: 9
iteration #: 10
iteration #: 11
iteration #: 12
iteration #: 13
iteration #: 14
iteration #: 15
iteration #: 16
iteration #: 17
iteration #: 18
iteration #: 19
iteration #: 20
iteration #: 21
iteration #: 22
iteration #: 23
iteration #: 24
iteration #: 25
iteration #: 26
iteration #: 27
iteration #: 28
Adjusting Variational EM for Stochastic Block Model
Dyads are distributed according to a 'undirected' SBM.
Imputation assumes a 'node' network-sampling process
iteration #: 2
iteration #: 3
iteration #: 4
iteration #: 5
iteration #: 6
iteration #: 7
iteration #: 8
iteration #: 9
iteration #: 10
iteration #: 11
iteration #: 12
iteration #: 13
iteration #: 14
iteration #: 15
iteration #: 16
iteration #: 17
iteration #: 18
iteration #: 19
iteration #: 20
iteration #: 21
iteration #: 22
iteration #: 23
iteration #: 24
iteration #: 25
iteration #: 26
iteration #: 27
iteration #: 28
Adjusting Variational EM for Stochastic Block Model
Imputation assumes a 'node' network-sampling process
Initialization of 1 model(s).
Performing VEM inference
Model with 3 blocks.
Adjusting Variational EM for Stochastic Block Model
iteration #: 2
iteration #: 3
[ FAIL 1 | WARN 1 | SKIP 0 | PASS 402 ]
══ Failed tests ════════════════════════════════════════════════════════════════
── Failure ('test-MISSSBM-fit-with-covariates.R:122:5'): miss SBM with covariates and node sampling works ──
error(...) is not strictly less than `tol_truth`. Difference: 0.0286
[ FAIL 1 | WARN 1 | SKIP 0 | PASS 402 ]
Error: Test failures
Execution halted
Flavor: r-devel-linux-x86_64-debian-clang
Version: 1.0.5
Check: examples
Result: NOTE
Examples with CPU (user + system) or elapsed time > 5s
user system elapsed
missSBM_collection 4.094 0.118 5.094
Flavor: r-devel-linux-x86_64-debian-gcc
Version: 1.0.5
Check: installed package size
Result: NOTE
installed size is 7.0Mb
sub-directories of 1Mb or more:
libs 4.9Mb
Flavors: r-oldrel-macos-arm64, r-oldrel-macos-x86_64