Last updated on 2025-04-30 04:50:11 CEST.
Flavor | Version | Tinstall | Tcheck | Ttotal | Status | Flags |
---|---|---|---|---|---|---|
r-devel-linux-x86_64-debian-clang | 1.0.1 | 19.52 | 30.57 | 50.09 | NOTE | |
r-devel-linux-x86_64-debian-gcc | 1.0.1 | 13.13 | 23.57 | 36.70 | NOTE | |
r-devel-linux-x86_64-fedora-clang | 1.0.1 | 88.28 | OK | |||
r-devel-linux-x86_64-fedora-gcc | 1.0.1 | 81.64 | OK | |||
r-devel-windows-x86_64 | 1.0.1 | 24.00 | 74.00 | 98.00 | OK | |
r-patched-linux-x86_64 | 1.0.1 | 18.59 | 29.28 | 47.87 | OK | |
r-release-linux-x86_64 | 1.0.1 | 18.70 | 29.26 | 47.96 | OK | |
r-release-macos-arm64 | 1.0.1 | 29.00 | OK | |||
r-release-macos-x86_64 | 1.0.1 | 41.00 | OK | |||
r-release-windows-x86_64 | 1.0.1 | 23.00 | 72.00 | 95.00 | OK | |
r-oldrel-macos-arm64 | 1.0.1 | 30.00 | OK | |||
r-oldrel-macos-x86_64 | 1.0.1 | 36.00 | OK | |||
r-oldrel-windows-x86_64 | 1.0.1 | 23.00 | 94.00 | 117.00 | OK |
Version: 1.0.1
Check: CRAN incoming feasibility
Result: NOTE
Maintainer: ‘Sara Rejeb <sara.rejeb@live.fr>’
The Description field contains
<arXiv:2202.07963>.
Please refer to arXiv e-prints via their arXiv DOI <doi:10.48550/arXiv.YYMM.NNNNN>.
Flavors: r-devel-linux-x86_64-debian-clang, r-devel-linux-x86_64-debian-gcc