Last updated on 2025-04-30 04:50:11 CEST.
Flavor | Version | Tinstall | Tcheck | Ttotal | Status | Flags |
---|---|---|---|---|---|---|
r-devel-linux-x86_64-debian-clang | 0.4-5 | 17.03 | 169.97 | 187.00 | NOTE | |
r-devel-linux-x86_64-debian-gcc | 0.4-5 | 10.87 | 113.77 | 124.64 | NOTE | |
r-devel-linux-x86_64-fedora-clang | 0.4-5 | 278.74 | OK | |||
r-devel-linux-x86_64-fedora-gcc | 0.4-5 | 282.58 | OK | |||
r-devel-windows-x86_64 | 0.4-5 | 15.00 | 168.00 | 183.00 | OK | |
r-patched-linux-x86_64 | 0.4-5 | 14.34 | 154.35 | 168.69 | OK | |
r-release-linux-x86_64 | 0.4-5 | 15.56 | 153.36 | 168.92 | OK | |
r-release-macos-arm64 | 0.4-5 | 84.00 | OK | |||
r-release-macos-x86_64 | 0.4-5 | 157.00 | OK | |||
r-release-windows-x86_64 | 0.4-5 | 15.00 | 164.00 | 179.00 | OK | |
r-oldrel-macos-arm64 | 0.4-5 | 83.00 | OK | |||
r-oldrel-macos-x86_64 | 0.4-5 | 122.00 | OK | |||
r-oldrel-windows-x86_64 | 0.4-5 | 20.00 | 206.00 | 226.00 | OK |
Version: 0.4-5
Check: CRAN incoming feasibility
Result: NOTE
Maintainer: ‘Simon Grund <simon.grund@uni-hamburg.de>’
No Authors@R field in DESCRIPTION.
Please add one, modifying
Authors@R: c(person(given = "Simon",
family = "Grund",
role = c("aut", "cre"),
email = "simon.grund@uni-hamburg.de"),
person(given = "Alexander",
family = "Robitzsch",
role = "aut"),
person(given = "Oliver",
family = "Luedtke",
role = "aut"))
as necessary.
Flavors: r-devel-linux-x86_64-debian-clang, r-devel-linux-x86_64-debian-gcc