Last updated on 2025-04-30 04:50:11 CEST.
Flavor | Version | Tinstall | Tcheck | Ttotal | Status | Flags |
---|---|---|---|---|---|---|
r-devel-linux-x86_64-debian-clang | 0.22.8 | 25.60 | 261.54 | 287.14 | NOTE | |
r-devel-linux-x86_64-debian-gcc | 0.22.8 | 16.20 | 165.98 | 182.18 | OK | |
r-devel-linux-x86_64-fedora-clang | 0.22.8 | 486.75 | OK | |||
r-devel-linux-x86_64-fedora-gcc | 0.22.8 | 445.59 | OK | |||
r-devel-windows-x86_64 | 0.22.8 | 25.00 | 246.00 | 271.00 | OK | |
r-patched-linux-x86_64 | 0.22.8 | 25.43 | 238.98 | 264.41 | OK | |
r-release-linux-x86_64 | 0.22.8 | 24.02 | 239.80 | 263.82 | OK | |
r-release-macos-arm64 | 0.22.8 | 107.00 | OK | |||
r-release-macos-x86_64 | 0.22.8 | 233.00 | OK | |||
r-release-windows-x86_64 | 0.22.8 | 26.00 | 247.00 | 273.00 | OK | |
r-oldrel-macos-arm64 | 0.22.8 | 98.00 | OK | |||
r-oldrel-macos-x86_64 | 0.22.8 | 165.00 | OK | |||
r-oldrel-windows-x86_64 | 0.22.8 | 29.00 | 325.00 | 354.00 | OK |
Version: 0.22.8
Check: examples
Result: NOTE
Examples with CPU (user + system) or elapsed time > 5s
user system elapsed
mixARemFixedPoint 3.839 0.064 5.958
Flavor: r-devel-linux-x86_64-debian-clang