CRAN Package Check Results for Package mixPHM

Last updated on 2025-04-30 04:50:11 CEST.

Flavor Version Tinstall Tcheck Ttotal Status Flags
r-devel-linux-x86_64-debian-clang 0.7-2 7.28 87.03 94.31 NOTE
r-devel-linux-x86_64-debian-gcc 0.7-2 5.06 59.37 64.43 NOTE
r-devel-linux-x86_64-fedora-clang 0.7-2 147.91 OK
r-devel-linux-x86_64-fedora-gcc 0.7-2 142.17 OK
r-devel-windows-x86_64 0.7-2 7.00 96.00 103.00 OK
r-patched-linux-x86_64 0.7-2 6.45 83.91 90.36 OK
r-release-linux-x86_64 0.7-2 6.04 82.93 88.97 OK
r-release-macos-arm64 0.7-2 42.00 OK
r-release-macos-x86_64 0.7-2 80.00 OK
r-release-windows-x86_64 0.7-2 8.00 96.00 104.00 OK
r-oldrel-macos-arm64 0.7-2 40.00 OK
r-oldrel-macos-x86_64 0.7-2 65.00 OK
r-oldrel-windows-x86_64 0.7-2 9.00 120.00 129.00 OK

Check Details

Version: 0.7-2
Check: examples
Result: NOTE Examples with CPU (user + system) or elapsed time > 5s user system elapsed screeBIC 11.670 0.021 15.496 stableEM 8.287 0.001 10.318 msBIC 5.004 0.294 6.944 phmclust 3.425 0.014 5.146 Flavor: r-devel-linux-x86_64-debian-clang

Version: 0.7-2
Check: examples
Result: NOTE Examples with CPU (user + system) or elapsed time > 5s user system elapsed screeBIC 6.591 0.026 7.353 Flavor: r-devel-linux-x86_64-debian-gcc