Last updated on 2025-04-30 04:50:11 CEST.
Flavor | Version | Tinstall | Tcheck | Ttotal | Status | Flags |
---|---|---|---|---|---|---|
r-devel-linux-x86_64-debian-clang | 0.9.3 | 2.93 | 33.43 | 36.36 | NOTE | |
r-devel-linux-x86_64-debian-gcc | 0.9.3 | 2.17 | 24.86 | 27.03 | NOTE | |
r-devel-linux-x86_64-fedora-clang | 0.9.3 | 57.30 | OK | |||
r-devel-linux-x86_64-fedora-gcc | 0.9.3 | 54.53 | OK | |||
r-devel-windows-x86_64 | 0.9.3 | 4.00 | 57.00 | 61.00 | OK | |
r-patched-linux-x86_64 | 0.9.3 | 2.70 | 30.98 | 33.68 | OK | |
r-release-linux-x86_64 | 0.9.3 | 3.00 | 31.19 | 34.19 | OK | |
r-release-macos-arm64 | 0.9.3 | 29.00 | OK | |||
r-release-macos-x86_64 | 0.9.3 | 35.00 | OK | |||
r-release-windows-x86_64 | 0.9.3 | 3.00 | 55.00 | 58.00 | OK | |
r-oldrel-macos-arm64 | 0.9.3 | 26.00 | OK | |||
r-oldrel-macos-x86_64 | 0.9.3 | 43.00 | OK | |||
r-oldrel-windows-x86_64 | 0.9.3 | 5.00 | 58.00 | 63.00 | OK |
Version: 0.9.3
Check: examples
Result: NOTE
Examples with CPU (user + system) or elapsed time > 5s
user system elapsed
EMGr 7.551 0.087 11.312
Flavor: r-devel-linux-x86_64-debian-clang
Version: 0.9.3
Check: examples
Result: NOTE
Examples with CPU (user + system) or elapsed time > 5s
user system elapsed
EMGr 4.859 0.051 6.757
Flavor: r-devel-linux-x86_64-debian-gcc