CRAN Package Check Results for Package mixbox

Last updated on 2025-04-30 04:50:11 CEST.

Flavor Version Tinstall Tcheck Ttotal Status Flags
r-devel-linux-x86_64-debian-clang 1.2.3 7.12 39.15 46.27 NOTE
r-devel-linux-x86_64-debian-gcc 1.2.3 4.92 27.83 32.75 NOTE
r-devel-linux-x86_64-fedora-clang 1.2.3 70.95 OK
r-devel-linux-x86_64-fedora-gcc 1.2.3 68.25 OK
r-devel-windows-x86_64 1.2.3 7.00 63.00 70.00 OK
r-patched-linux-x86_64 1.2.3 6.45 37.20 43.65 OK
r-release-linux-x86_64 1.2.3 6.46 37.26 43.72 OK
r-release-macos-arm64 1.2.3 25.00 OK
r-release-macos-x86_64 1.2.3 60.00 OK
r-release-windows-x86_64 1.2.3 6.00 59.00 65.00 OK
r-oldrel-macos-arm64 1.2.3 22.00 OK
r-oldrel-macos-x86_64 1.2.3 52.00 OK
r-oldrel-windows-x86_64 1.2.3 6.00 62.00 68.00 OK

Check Details

Version: 1.2.3
Check: CRAN incoming feasibility
Result: NOTE Maintainer: ‘Mahdi Teimouri <teimouri@aut.ac.ir>’ No Authors@R field in DESCRIPTION. Please add one, modifying Authors@R: person(given = "Mahdi", family = "Teimouri", role = c("aut", "cre", "cph", "ctb"), email = "teimouri@aut.ac.ir", comment = c(ORCID = "0000-0002-5371-9364")) as necessary. Flavors: r-devel-linux-x86_64-debian-clang, r-devel-linux-x86_64-debian-gcc