Last updated on 2025-04-30 04:50:11 CEST.
Flavor | Version | Tinstall | Tcheck | Ttotal | Status | Flags |
---|---|---|---|---|---|---|
r-devel-linux-x86_64-debian-clang | 2.0 | 12.88 | 123.35 | 136.23 | NOTE | |
r-devel-linux-x86_64-debian-gcc | 2.0 | 8.31 | 80.68 | 88.99 | OK | |
r-devel-linux-x86_64-fedora-clang | 2.0 | 200.89 | OK | |||
r-devel-linux-x86_64-fedora-gcc | 2.0 | 190.14 | OK | |||
r-devel-windows-x86_64 | 2.0 | 13.00 | 119.00 | 132.00 | OK | |
r-patched-linux-x86_64 | 2.0 | 13.22 | 112.29 | 125.51 | OK | |
r-release-linux-x86_64 | 2.0 | 13.28 | 113.52 | 126.80 | OK | |
r-release-macos-arm64 | 2.0 | 54.00 | OK | |||
r-release-macos-x86_64 | 2.0 | 112.00 | OK | |||
r-release-windows-x86_64 | 2.0 | 14.00 | 119.00 | 133.00 | OK | |
r-oldrel-macos-arm64 | 2.0 | 55.00 | OK | |||
r-oldrel-macos-x86_64 | 2.0 | 89.00 | OK | |||
r-oldrel-windows-x86_64 | 2.0 | 17.00 | 150.00 | 167.00 | OK |
Version: 2.0
Check: examples
Result: NOTE
Examples with CPU (user + system) or elapsed time > 5s
user system elapsed
summary.mixcure 7.273 0.112 10.399
plot.predict.mixcure 4.132 0.059 6.390
predict.mixcure 4.042 0.031 5.636
Flavor: r-devel-linux-x86_64-debian-clang