Last updated on 2025-04-30 04:50:11 CEST.
Flavor | Version | Tinstall | Tcheck | Ttotal | Status | Flags |
---|---|---|---|---|---|---|
r-devel-linux-x86_64-debian-clang | 0.3.0 | 11.19 | 56.92 | 68.11 | NOTE | |
r-devel-linux-x86_64-debian-gcc | 0.3.0 | 8.13 | 39.81 | 47.94 | NOTE | |
r-devel-linux-x86_64-fedora-clang | 0.3.0 | 111.50 | OK | |||
r-devel-linux-x86_64-fedora-gcc | 0.3.0 | 105.16 | OK | |||
r-devel-windows-x86_64 | 0.3.0 | 14.00 | 98.00 | 112.00 | OK | |
r-patched-linux-x86_64 | 0.3.0 | 10.68 | 51.87 | 62.55 | OK | |
r-release-linux-x86_64 | 0.3.0 | 11.25 | 53.16 | 64.41 | OK | |
r-release-macos-arm64 | 0.3.0 | 34.00 | OK | |||
r-release-macos-x86_64 | 0.3.0 | 82.00 | OK | |||
r-release-windows-x86_64 | 0.3.0 | 14.00 | 99.00 | 113.00 | OK | |
r-oldrel-macos-arm64 | 0.3.0 | 34.00 | OK | |||
r-oldrel-macos-x86_64 | 0.3.0 | 92.00 | OK | |||
r-oldrel-windows-x86_64 | 0.3.0 | 19.00 | 112.00 | 131.00 | OK |
Version: 0.3.0
Check: CRAN incoming feasibility
Result: NOTE
Maintainer: ‘Constantin Ahlmann-Eltze <artjom31415@googlemail.com>’
Package CITATION file contains call(s) to old-style personList() or
as.personList(). Please use c() on person objects instead.
Package CITATION file contains call(s) to old-style citEntry(). Please
use bibentry() instead.
Flavors: r-devel-linux-x86_64-debian-clang, r-devel-linux-x86_64-debian-gcc