Last updated on 2025-04-30 04:50:11 CEST.
Flavor | Version | Tinstall | Tcheck | Ttotal | Status | Flags |
---|---|---|---|---|---|---|
r-devel-linux-x86_64-debian-clang | 0.1.6 | 126.59 | 28.07 | 154.66 | OK | |
r-devel-linux-x86_64-debian-gcc | 0.1.6 | 89.33 | 21.92 | 111.25 | OK | |
r-devel-linux-x86_64-fedora-clang | 0.1.6 | 295.42 | OK | |||
r-devel-linux-x86_64-fedora-gcc | 0.1.6 | 290.12 | OK | |||
r-devel-windows-x86_64 | 0.1.6 | 132.00 | 79.00 | 211.00 | OK | |
r-patched-linux-x86_64 | 0.1.6 | 127.22 | 26.60 | 153.82 | OK | |
r-release-linux-x86_64 | 0.1.6 | 123.22 | 26.75 | 149.97 | OK | |
r-release-macos-arm64 | 0.1.6 | 69.00 | OK | |||
r-release-macos-x86_64 | 0.1.6 | 79.00 | OK | |||
r-release-windows-x86_64 | 0.1.6 | 133.00 | 76.00 | 209.00 | OK | |
r-oldrel-macos-arm64 | 0.1.6 | 62.00 | NOTE | |||
r-oldrel-macos-x86_64 | 0.1.6 | 78.00 | NOTE | |||
r-oldrel-windows-x86_64 | 0.1.6 | 150.00 | 79.00 | 229.00 | OK |
Version: 0.1.6
Check: installed package size
Result: NOTE
installed size is 7.1Mb
sub-directories of 1Mb or more:
libs 7.0Mb
Flavors: r-oldrel-macos-arm64, r-oldrel-macos-x86_64