Last updated on 2025-04-30 04:50:11 CEST.
Flavor | Version | Tinstall | Tcheck | Ttotal | Status | Flags |
---|---|---|---|---|---|---|
r-devel-linux-x86_64-debian-clang | 5.0 | 12.83 | 100.57 | 113.40 | NOTE | |
r-devel-linux-x86_64-debian-gcc | 5.0 | 8.30 | 72.64 | 80.94 | NOTE | |
r-devel-linux-x86_64-fedora-clang | 5.0 | 179.27 | OK | |||
r-devel-linux-x86_64-fedora-gcc | 5.0 | 174.03 | OK | |||
r-devel-windows-x86_64 | 5.0 | 13.00 | 116.00 | 129.00 | OK | |
r-patched-linux-x86_64 | 5.0 | 11.56 | 96.58 | 108.14 | OK | |
r-release-linux-x86_64 | 5.0 | 11.74 | 96.66 | 108.40 | OK | |
r-release-macos-arm64 | 5.0 | 67.00 | OK | |||
r-release-macos-x86_64 | 5.0 | 96.00 | OK | |||
r-release-windows-x86_64 | 5.0 | 13.00 | 112.00 | 125.00 | OK | |
r-oldrel-macos-arm64 | 5.0 | 67.00 | OK | |||
r-oldrel-macos-x86_64 | 5.0 | 78.00 | OK | |||
r-oldrel-windows-x86_64 | 5.0 | 16.00 | 132.00 | 148.00 | OK |
Version: 5.0
Check: CRAN incoming feasibility
Result: NOTE
Maintainer: ‘Charlotte Dion <charlotte.dion@upmc.fr>’
No Authors@R field in DESCRIPTION.
Please add one, modifying
Authors@R: c(person(given = "Charlotte",
family = "Dion",
role = c("aut", "cre"),
email = "charlotte.dion@upmc.fr"),
person(given = "Adeline",
family = "Sansom",
role = "aut"),
person(given = "Simone",
family = "Hermann",
role = "aut"))
as necessary.
Flavors: r-devel-linux-x86_64-debian-clang, r-devel-linux-x86_64-debian-gcc
Version: 5.0
Check: examples
Result: NOTE
Examples with CPU (user + system) or elapsed time > 5s
user system elapsed
mixedsde.fit 4.329 0.457 6.723
neuronal.data 4.352 0.285 5.269
Flavor: r-devel-linux-x86_64-debian-clang