Last updated on 2025-02-21 03:52:19 CET.
Flavor | Version | Tinstall | Tcheck | Ttotal | Status | Flags |
---|---|---|---|---|---|---|
r-devel-linux-x86_64-debian-clang | 0.2.1 | 60.26 | 811.78 | 872.04 | NOTE | |
r-devel-linux-x86_64-debian-gcc | 0.2.1 | 45.83 | 498.45 | 544.28 | NOTE | |
r-devel-linux-x86_64-fedora-clang | 0.2.1 | 1439.54 | NOTE | |||
r-devel-linux-x86_64-fedora-gcc | 0.2.1 | 1384.14 | NOTE | |||
r-devel-macos-arm64 | 0.2.1 | 279.00 | OK | |||
r-devel-macos-x86_64 | 0.2.1 | 577.00 | NOTE | |||
r-devel-windows-x86_64 | 0.2.1 | 72.00 | 515.00 | 587.00 | NOTE | |
r-patched-linux-x86_64 | 0.2.1 | 63.02 | 767.37 | 830.39 | OK | |
r-release-linux-x86_64 | 0.2.1 | 65.63 | 774.19 | 839.82 | OK | |
r-release-macos-arm64 | 0.2.1 | 275.00 | NOTE | |||
r-release-macos-x86_64 | 0.2.1 | 456.00 | NOTE | |||
r-release-windows-x86_64 | 0.2.1 | 72.00 | 513.00 | 585.00 | OK | |
r-oldrel-macos-arm64 | 0.2.1 | 502.00 | NOTE | |||
r-oldrel-macos-x86_64 | 0.2.1 | 633.00 | NOTE | |||
r-oldrel-windows-x86_64 | 0.2.1 | 85.00 | 736.00 | 821.00 | OK |
Version: 0.2.1
Check: DESCRIPTION meta-information
Result: NOTE
Missing dependency on R >= 4.1.0 because package code uses the pipe
|> or function shorthand \(...) syntax added in R 4.1.0.
File(s) using such syntax:
‘contexts.R’ ‘ctx_tree.R’ ‘glm_fit.R’
Flavors: r-devel-linux-x86_64-debian-clang, r-devel-linux-x86_64-debian-gcc, r-devel-linux-x86_64-fedora-clang, r-devel-linux-x86_64-fedora-gcc, r-devel-macos-x86_64, r-devel-windows-x86_64
Version: 0.2.1
Check: installed package size
Result: NOTE
installed size is 8.0Mb
sub-directories of 1Mb or more:
data 2.0Mb
libs 4.4Mb
Flavors: r-release-macos-arm64, r-release-macos-x86_64, r-oldrel-macos-arm64, r-oldrel-macos-x86_64