CRAN Package Check Results for Package mlim

Last updated on 2025-04-30 04:50:11 CEST.

Flavor Version Tinstall Tcheck Ttotal Status Flags
r-devel-linux-x86_64-debian-clang 0.3.0 15.47 105.70 121.17 NOTE
r-devel-linux-x86_64-debian-gcc 0.3.0 11.58 75.87 87.45 NOTE
r-devel-linux-x86_64-fedora-clang 0.3.0 186.46 NOTE
r-devel-linux-x86_64-fedora-gcc 0.3.0 175.78 NOTE
r-devel-windows-x86_64 0.3.0 15.00 104.00 119.00 NOTE
r-patched-linux-x86_64 0.3.0 13.42 97.80 111.22 NOTE
r-release-linux-x86_64 0.3.0 14.85 97.44 112.29 NOTE
r-release-macos-arm64 0.3.0 60.00 NOTE
r-release-macos-x86_64 0.3.0 109.00 NOTE
r-release-windows-x86_64 0.3.0 15.00 103.00 118.00 NOTE
r-oldrel-macos-arm64 0.3.0 52.00 NOTE
r-oldrel-macos-x86_64 0.3.0 73.00 NOTE
r-oldrel-windows-x86_64 0.3.0 20.00 132.00 152.00 NOTE

Check Details

Version: 0.3.0
Check: Rd files
Result: NOTE checkRd: (-1) mlim.Rd:58: Lost braces 58 | Note that code{"XGB"} is only available in Mac OS and Linux. moreover, | ^ Flavors: r-devel-linux-x86_64-debian-clang, r-devel-linux-x86_64-debian-gcc, r-devel-linux-x86_64-fedora-clang, r-devel-linux-x86_64-fedora-gcc, r-devel-windows-x86_64, r-patched-linux-x86_64, r-release-linux-x86_64, r-release-macos-arm64, r-release-macos-x86_64, r-release-windows-x86_64, r-oldrel-macos-arm64, r-oldrel-macos-x86_64, r-oldrel-windows-x86_64