Last updated on 2025-04-30 04:50:11 CEST.
Flavor | Version | Tinstall | Tcheck | Ttotal | Status | Flags |
---|---|---|---|---|---|---|
r-devel-linux-x86_64-debian-clang | 6.3-1 | 18.28 | 147.07 | 165.35 | NOTE | |
r-devel-linux-x86_64-debian-gcc | 6.3-1 | 11.46 | 100.61 | 112.07 | NOTE | |
r-devel-linux-x86_64-fedora-clang | 6.3-1 | 265.05 | OK | |||
r-devel-linux-x86_64-fedora-gcc | 6.3-1 | 268.64 | OK | |||
r-devel-windows-x86_64 | 6.3-1 | 18.00 | 140.00 | 158.00 | OK | |
r-patched-linux-x86_64 | 6.3-1 | 18.33 | 138.70 | 157.03 | OK | |
r-release-linux-x86_64 | 6.3-1 | 14.67 | 142.23 | 156.90 | OK | |
r-release-macos-arm64 | 6.3-1 | 96.00 | OK | |||
r-release-macos-x86_64 | 6.3-1 | 189.00 | OK | |||
r-release-windows-x86_64 | 6.3-1 | 17.00 | 139.00 | 156.00 | OK | |
r-oldrel-macos-arm64 | 6.3-1 | 68.00 | OK | |||
r-oldrel-macos-x86_64 | 6.3-1 | 108.00 | OK | |||
r-oldrel-windows-x86_64 | 6.3-1 | 22.00 | 186.00 | 208.00 | OK |
Version: 6.3-1
Check: CRAN incoming feasibility
Result: NOTE
Maintainer: ‘Qingzhao Yu <qyu@lsuhsc.edu>’
No Authors@R field in DESCRIPTION.
Please add one, modifying
Authors@R: c(person(given = "Qingzhao",
family = "Yu",
role = c("aut", "cre"),
email = "qyu@lsuhsc.edu"),
person(given = "Bin",
family = "Li",
role = "aut"))
as necessary.
Flavors: r-devel-linux-x86_64-debian-clang, r-devel-linux-x86_64-debian-gcc