Last updated on 2025-04-30 04:50:11 CEST.
Flavor | Version | Tinstall | Tcheck | Ttotal | Status | Flags |
---|---|---|---|---|---|---|
r-devel-linux-x86_64-debian-clang | 1.0.9 | 4.36 | 86.27 | 90.63 | NOTE | |
r-devel-linux-x86_64-debian-gcc | 1.0.9 | 2.72 | 59.10 | 61.82 | NOTE | |
r-devel-linux-x86_64-fedora-clang | 1.0.9 | 152.51 | NOTE | |||
r-devel-linux-x86_64-fedora-gcc | 1.0.9 | 157.63 | NOTE | |||
r-devel-windows-x86_64 | 1.0.9 | 6.00 | 100.00 | 106.00 | NOTE | |
r-patched-linux-x86_64 | 1.0.9 | 4.81 | 80.25 | 85.06 | NOTE | |
r-release-linux-x86_64 | 1.0.9 | 3.89 | 79.14 | 83.03 | NOTE | |
r-release-macos-arm64 | 1.0.9 | 50.00 | NOTE | |||
r-release-macos-x86_64 | 1.0.9 | 98.00 | NOTE | |||
r-release-windows-x86_64 | 1.0.9 | 6.00 | 99.00 | 105.00 | NOTE | |
r-oldrel-macos-arm64 | 1.0.9 | 43.00 | OK | |||
r-oldrel-macos-x86_64 | 1.0.9 | 66.00 | OK | |||
r-oldrel-windows-x86_64 | 1.0.9 | 7.00 | 132.00 | 139.00 | OK |
Version: 1.0.9
Check: DESCRIPTION meta-information
Result: NOTE
Missing dependency on R >= 4.1.0 because package code uses the pipe
|> or function shorthand \(...) syntax added in R 4.1.0.
File(s) using such syntax:
‘actions.R’ ‘analyze.Rd’ ‘as.data.frame.mp_power.Rd’
‘as.list.mp_parameters.Rd’ ‘base.R’ ‘center.Rd’ ‘correlations.R’
‘effect_size.R’ ‘generate.Rd’ ‘list.R’ ‘mechanisms.R’ ‘mechanisms.Rd’
‘model.R’ ‘parameters.R’ ‘parameters.Rd’ ‘power_analysis.Rd’
‘print.mp_power.Rd’ ‘simulation.R’ ‘subset.mp_model.Rd’
‘summary.mp_power.Rd’ ‘to_formula.Rd’ ‘utils.R’ ‘variables.R’
Flavors: r-devel-linux-x86_64-debian-clang, r-devel-linux-x86_64-debian-gcc, r-devel-linux-x86_64-fedora-clang, r-devel-linux-x86_64-fedora-gcc, r-devel-windows-x86_64, r-patched-linux-x86_64, r-release-linux-x86_64, r-release-macos-arm64, r-release-windows-x86_64
Version: 1.0.9
Check: examples
Result: NOTE
Examples with CPU (user + system) or elapsed time > 5s
user system elapsed
mechanisms 10.741 0.078 16.433
power_analysis 10.642 0.158 15.172
as.data.frame.mp_power 5.852 0.144 9.697
print.mp_power 5.571 0.129 7.665
summary.mp_power 5.417 0.050 6.737
parameters 5.353 0.055 8.212
analyze 3.479 0.226 5.833
Flavor: r-devel-linux-x86_64-debian-clang
Version: 1.0.9
Check: examples
Result: NOTE
Examples with CPU (user + system) or elapsed time > 5s
user system elapsed
power_analysis 6.813 0.083 10.387
mechanisms 6.589 0.073 9.327
as.data.frame.mp_power 3.726 0.151 5.387
summary.mp_power 3.486 0.064 5.479
Flavor: r-devel-linux-x86_64-debian-gcc
Version: 1.0.9
Check: DESCRIPTION meta-information
Result: NOTE
Missing dependency on R >= 4.1.0 because package code uses the pipe
|> or function shorthand \(...) syntax added in R 4.1.0.
File(s) using such syntax:
‘actions.R’ ‘base.R’ ‘correlations.R’ ‘effect_size.R’ ‘list.R’
‘mechanisms.R’ ‘model.R’ ‘parameters.R’ ‘simulation.R’ ‘utils.R’
‘variables.R’
Flavor: r-release-macos-x86_64