Last updated on 2025-04-30 04:50:11 CEST.
Flavor | Version | Tinstall | Tcheck | Ttotal | Status | Flags |
---|---|---|---|---|---|---|
r-devel-linux-x86_64-debian-clang | 1.1.2 | 13.77 | 132.68 | 146.45 | NOTE | |
r-devel-linux-x86_64-debian-gcc | 1.1.2 | 9.90 | 92.72 | 102.62 | NOTE | |
r-devel-linux-x86_64-fedora-clang | 1.1.2 | 258.27 | NOTE | |||
r-devel-linux-x86_64-fedora-gcc | 1.1.2 | 227.69 | NOTE | |||
r-devel-windows-x86_64 | 1.1.2 | 15.00 | 155.00 | 170.00 | OK | |
r-patched-linux-x86_64 | 1.1.2 | 14.00 | 127.29 | 141.29 | OK | |
r-release-linux-x86_64 | 1.1.2 | 11.80 | 126.59 | 138.39 | OK | |
r-release-macos-arm64 | 1.1.2 | 103.00 | OK | |||
r-release-macos-x86_64 | 1.1.2 | 161.00 | OK | |||
r-release-windows-x86_64 | 1.1.2 | 15.00 | 143.00 | 158.00 | OK | |
r-oldrel-macos-arm64 | 1.1.2 | 141.00 | NOTE | |||
r-oldrel-macos-x86_64 | 1.1.2 | 183.00 | NOTE | |||
r-oldrel-windows-x86_64 | 1.1.2 | 20.00 | 172.00 | 192.00 | NOTE |
Version: 1.1.2
Check: examples
Result: NOTE
Examples with CPU (user + system) or elapsed time > 5s
user system elapsed
dis_qcd 7.545 0.733 11.431
outlier_detection 6.767 1.019 8.869
plot_2d_scaling 6.026 0.577 6.895
dis_spectral 5.271 0.913 6.763
dis_dtw_2 4.783 0.807 7.258
f4_classifier 4.243 0.678 6.277
dis_frechet 3.157 0.804 5.058
Flavor: r-devel-linux-x86_64-debian-clang
Version: 1.1.2
Check: examples
Result: NOTE
Examples with CPU (user + system) or elapsed time > 5s
user system elapsed
dis_qcd 4.136 1.040 6.261
dis_dtw_2 3.817 1.172 6.022
Flavor: r-devel-linux-x86_64-debian-gcc
Version: 1.1.2
Check: dependencies in R code
Result: NOTE
Namespaces in Imports field not imported from:
‘ClusterR’ ‘MASS’ ‘Rdpack’ ‘multiwave’ ‘randomForest’ ‘ranger’
All declared Imports should be used.
Flavors: r-devel-linux-x86_64-fedora-clang, r-devel-linux-x86_64-fedora-gcc
Version: 1.1.2
Check: package dependencies
Result: NOTE
Packages suggested but not available for checking:
'ueadata1', 'ueadata2', 'ueadata3', 'ueadata4', 'ueadata5',
'ueadata6', 'ueadata7', 'ueadata8'
Flavors: r-oldrel-macos-arm64, r-oldrel-macos-x86_64, r-oldrel-windows-x86_64