Last updated on 2025-04-30 04:50:11 CEST.
Flavor | Version | Tinstall | Tcheck | Ttotal | Status | Flags |
---|---|---|---|---|---|---|
r-devel-linux-x86_64-debian-clang | 0.1-9 | 13.06 | 95.94 | 109.00 | NOTE | |
r-devel-linux-x86_64-debian-gcc | 0.1-9 | 7.64 | 70.75 | 78.39 | OK | |
r-devel-linux-x86_64-fedora-clang | 0.1-9 | 181.20 | OK | |||
r-devel-linux-x86_64-fedora-gcc | 0.1-9 | 186.88 | OK | |||
r-devel-windows-x86_64 | 0.1-9 | 16.00 | 111.00 | 127.00 | OK | |
r-patched-linux-x86_64 | 0.1-9 | 9.85 | 92.80 | 102.65 | OK | |
r-release-linux-x86_64 | 0.1-9 | 10.21 | 92.70 | 102.91 | OK | |
r-release-macos-arm64 | 0.1-9 | 67.00 | OK | |||
r-release-macos-x86_64 | 0.1-9 | 126.00 | OK | |||
r-release-windows-x86_64 | 0.1-9 | 15.00 | 111.00 | 126.00 | OK | |
r-oldrel-macos-arm64 | 0.1-9 | 57.00 | OK | |||
r-oldrel-macos-x86_64 | 0.1-9 | 108.00 | OK | |||
r-oldrel-windows-x86_64 | 0.1-9 | 19.00 | 139.00 | 158.00 | OK |
Version: 0.1-9
Check: examples
Result: NOTE
Examples with CPU (user + system) or elapsed time > 5s
user system elapsed
bic.mlogit 6.766 0.021 9.549
Flavor: r-devel-linux-x86_64-debian-clang