Last updated on 2025-04-30 04:50:11 CEST.
Flavor | Version | Tinstall | Tcheck | Ttotal | Status | Flags |
---|---|---|---|---|---|---|
r-devel-linux-x86_64-debian-clang | 1.1.1 | 3.30 | 681.54 | 684.84 | NOTE | |
r-devel-linux-x86_64-debian-gcc | 1.1.1 | 2.99 | 374.61 | 377.60 | NOTE | |
r-devel-linux-x86_64-fedora-clang | 1.1.1 | 1095.21 | NOTE | |||
r-devel-linux-x86_64-fedora-gcc | 1.1.1 | 1043.73 | NOTE | |||
r-devel-windows-x86_64 | 1.1.1 | 6.00 | 534.00 | 540.00 | NOTE | |
r-patched-linux-x86_64 | 1.1.1 | 3.34 | 653.11 | 656.45 | NOTE | |
r-release-linux-x86_64 | 1.1.1 | 3.67 | 640.66 | 644.33 | NOTE | |
r-release-macos-arm64 | 1.1.1 | 237.00 | NOTE | |||
r-release-macos-x86_64 | 1.1.1 | 632.00 | NOTE | |||
r-release-windows-x86_64 | 1.1.1 | 6.00 | 529.00 | 535.00 | NOTE | |
r-oldrel-macos-arm64 | 1.1.1 | 218.00 | OK | |||
r-oldrel-macos-x86_64 | 1.1.1 | 418.00 | OK | |||
r-oldrel-windows-x86_64 | 1.1.1 | 7.00 | 829.00 | 836.00 | OK |
Version: 1.1.1
Check: DESCRIPTION meta-information
Result: NOTE
Missing dependency on R >= 4.1.0 because package code uses the pipe
|> or function shorthand \(...) syntax added in R 4.1.0.
File(s) using such syntax:
‘example.simfun.R’ ‘fit.surrogate.R’
Flavors: r-devel-linux-x86_64-debian-clang, r-devel-linux-x86_64-debian-gcc, r-devel-linux-x86_64-fedora-clang, r-devel-linux-x86_64-fedora-gcc, r-devel-windows-x86_64, r-patched-linux-x86_64, r-release-linux-x86_64, r-release-macos-arm64, r-release-macos-x86_64, r-release-windows-x86_64
Version: 1.1.1
Check: examples
Result: NOTE
Examples with CPU (user + system) or elapsed time > 5s
user system elapsed
plot.designresult 6.092 0.235 9.378
print.summary.designresult 4.065 0.291 5.815
simulations_data 4.099 0.248 6.841
summary.designresult 3.731 0.214 5.582
Flavor: r-devel-linux-x86_64-debian-clang
Version: 1.1.1
Check: examples
Result: NOTE
Examples with CPU (user + system) or elapsed time > 5s
user system elapsed
plot.designresult 3.537 0.248 5.365
Flavor: r-devel-linux-x86_64-debian-gcc