Last updated on 2025-04-30 04:50:11 CEST.
Flavor | Version | Tinstall | Tcheck | Ttotal | Status | Flags |
---|---|---|---|---|---|---|
r-devel-linux-x86_64-debian-clang | 0.2.0 | 2.74 | 37.06 | 39.80 | NOTE | |
r-devel-linux-x86_64-debian-gcc | 0.2.0 | 1.98 | 28.81 | 30.79 | NOTE | |
r-devel-linux-x86_64-fedora-clang | 0.2.0 | 58.38 | NOTE | |||
r-devel-linux-x86_64-fedora-gcc | 0.2.0 | 55.35 | NOTE | |||
r-devel-windows-x86_64 | 0.2.0 | 4.00 | 62.00 | 66.00 | OK | |
r-patched-linux-x86_64 | 0.2.0 | 2.78 | 33.67 | 36.45 | OK | |
r-release-linux-x86_64 | 0.2.0 | 2.51 | 34.05 | 36.56 | OK | |
r-release-macos-arm64 | 0.2.0 | 26.00 | OK | |||
r-release-macos-x86_64 | 0.2.0 | 38.00 | OK | |||
r-release-windows-x86_64 | 0.2.0 | 4.00 | 63.00 | 67.00 | OK | |
r-oldrel-macos-arm64 | 0.2.0 | 26.00 | OK | |||
r-oldrel-macos-x86_64 | 0.2.0 | 39.00 | OK | |||
r-oldrel-windows-x86_64 | 0.2.0 | 5.00 | 75.00 | 80.00 | OK |
Version: 0.2.0
Check: examples
Result: NOTE
Examples with CPU (user + system) or elapsed time > 5s
user system elapsed
ACC 4.559 0.222 6.917
Flavor: r-devel-linux-x86_64-debian-clang
Version: 0.2.0
Check: examples
Result: NOTE
Examples with CPU (user + system) or elapsed time > 5s
user system elapsed
ACC 3.242 0.259 5.07
Flavor: r-devel-linux-x86_64-debian-gcc
Version: 0.2.0
Check: dependencies in R code
Result: NOTE
Namespaces in Imports field not imported from:
‘caret’ ‘randomForest’
All declared Imports should be used.
Flavors: r-devel-linux-x86_64-fedora-clang, r-devel-linux-x86_64-fedora-gcc