Last updated on 2025-02-21 03:52:19 CET.
Flavor | Version | Tinstall | Tcheck | Ttotal | Status | Flags |
---|---|---|---|---|---|---|
r-devel-linux-x86_64-debian-clang | 0.5.2 | 5.04 | 112.70 | 117.74 | NOTE | |
r-devel-linux-x86_64-debian-gcc | 0.5.2 | 3.23 | 87.28 | 90.51 | NOTE | |
r-devel-linux-x86_64-fedora-clang | 0.5.2 | 179.84 | OK | |||
r-devel-linux-x86_64-fedora-gcc | 0.5.2 | 166.97 | OK | |||
r-devel-macos-arm64 | 0.5.2 | 59.00 | OK | |||
r-devel-macos-x86_64 | 0.5.2 | 112.00 | OK | |||
r-devel-windows-x86_64 | 0.5.2 | 7.00 | 126.00 | 133.00 | NOTE | |
r-patched-linux-x86_64 | 0.5.2 | 5.48 | 107.79 | 113.27 | OK | |
r-release-linux-x86_64 | 0.5.2 | 3.76 | 107.16 | 110.92 | OK | |
r-release-macos-arm64 | 0.5.2 | 52.00 | OK | |||
r-release-macos-x86_64 | 0.5.2 | 81.00 | OK | |||
r-release-windows-x86_64 | 0.5.2 | 6.00 | 117.00 | 123.00 | OK | |
r-oldrel-macos-arm64 | 0.5.2 | 55.00 | OK | |||
r-oldrel-macos-x86_64 | 0.5.2 | 147.00 | OK | |||
r-oldrel-windows-x86_64 | 0.5.2 | 7.00 | 157.00 | 164.00 | OK |
Version: 0.5.2
Check: Rd cross-references
Result: NOTE
Found the following Rd file(s) with Rd \link{} targets missing package
anchors:
as_duckdb_backend.Rd: DataBackendDataTable, as_data_backend,
DataBackend, Task
as_sqlite_backend.Rd: DataBackendDataTable, as_data_backend,
DataBackend, Task
Please provide package anchors for all Rd \link{} targets not in the
package itself and the base packages.
Flavors: r-devel-linux-x86_64-debian-clang, r-devel-linux-x86_64-debian-gcc, r-devel-windows-x86_64