Last updated on 2025-02-21 03:52:19 CET.
Flavor | Version | Tinstall | Tcheck | Ttotal | Status | Flags |
---|---|---|---|---|---|---|
r-devel-linux-x86_64-debian-clang | 0.5.0 | 29.05 | 327.44 | 356.49 | NOTE | |
r-devel-linux-x86_64-debian-gcc | 0.5.0 | 16.19 | 198.06 | 214.25 | NOTE | |
r-devel-linux-x86_64-fedora-clang | 0.5.0 | 547.27 | OK | |||
r-devel-linux-x86_64-fedora-gcc | 0.5.0 | 538.31 | OK | |||
r-devel-macos-arm64 | 0.5.0 | 128.00 | OK | |||
r-devel-macos-x86_64 | 0.5.0 | 289.00 | OK | |||
r-devel-windows-x86_64 | 0.5.0 | 23.00 | 234.00 | 257.00 | NOTE | |
r-patched-linux-x86_64 | 0.5.0 | 29.61 | 291.06 | 320.67 | OK | |
r-release-linux-x86_64 | 0.5.0 | 23.90 | 295.73 | 319.63 | OK | |
r-release-macos-arm64 | 0.5.0 | 119.00 | OK | |||
r-release-macos-x86_64 | 0.5.0 | 200.00 | OK | |||
r-release-windows-x86_64 | 0.5.0 | 23.00 | 232.00 | 255.00 | OK | |
r-oldrel-macos-arm64 | 0.5.0 | 137.00 | OK | |||
r-oldrel-macos-x86_64 | 0.5.0 | 330.00 | OK | |||
r-oldrel-windows-x86_64 | 0.5.0 | 33.00 | 345.00 | 378.00 | OK |
Version: 0.5.0
Check: Rd cross-references
Result: NOTE
Found the following Rd file(s) with Rd \link{} targets missing package
anchors:
TaskClassifST.Rd: TaskClassif, DataBackend, DataBackendDataTable,
convert_task
TaskRegrST.Rd: TaskRegr, DataBackend, DataBackendDataTable,
convert_task
as_data_backend.Rd: DataBackend
as_task_classif_st.Rd: DataBackend, TaskRegr, convert_task
as_task_regr_st.Rd: DataBackend, TaskClassif, convert_task
predict_spatial.Rd: Learner
Please provide package anchors for all Rd \link{} targets not in the
package itself and the base packages.
Flavors: r-devel-linux-x86_64-debian-clang, r-devel-linux-x86_64-debian-gcc, r-devel-windows-x86_64