Last updated on 2025-04-30 04:50:11 CEST.
Flavor | Version | Tinstall | Tcheck | Ttotal | Status | Flags |
---|---|---|---|---|---|---|
r-devel-linux-x86_64-debian-clang | 0.3.1 | 12.25 | 112.21 | 124.46 | OK | |
r-devel-linux-x86_64-debian-gcc | 0.3.1 | 9.35 | 83.24 | 92.59 | OK | |
r-devel-linux-x86_64-fedora-clang | 0.3.1 | 193.43 | OK | |||
r-devel-linux-x86_64-fedora-gcc | 0.3.1 | 184.54 | OK | |||
r-devel-windows-x86_64 | 0.3.1 | 14.00 | 112.00 | 126.00 | OK | |
r-patched-linux-x86_64 | 0.3.1 | 12.51 | 105.84 | 118.35 | OK | |
r-release-linux-x86_64 | 0.3.1 | 12.54 | 108.20 | 120.74 | OK | |
r-release-macos-arm64 | 0.3.1 | 56.00 | OK | |||
r-release-macos-x86_64 | 0.3.1 | 124.00 | OK | |||
r-release-windows-x86_64 | 0.3.1 | 15.00 | 110.00 | 125.00 | OK | |
r-oldrel-macos-arm64 | 0.3.1 | 53.00 | NOTE | |||
r-oldrel-macos-x86_64 | 0.3.1 | 91.00 | NOTE | |||
r-oldrel-windows-x86_64 | 0.3.1 | 17.00 | 140.00 | 157.00 | NOTE |
Version: 0.3.1
Check: package dependencies
Result: NOTE
Package suggested but not available for checking: ‘mlr3proba’
Flavors: r-oldrel-macos-arm64, r-oldrel-macos-x86_64, r-oldrel-windows-x86_64