Last updated on 2025-04-29 04:50:10 CEST.
Flavor | Version | Tinstall | Tcheck | Ttotal | Status | Flags |
---|---|---|---|---|---|---|
r-devel-linux-x86_64-debian-clang | 0.1.2 | 49.55 | 328.64 | 378.19 | OK | |
r-devel-linux-x86_64-debian-gcc | 0.1.2 | 34.52 | 181.11 | 215.63 | NOTE | |
r-devel-linux-x86_64-fedora-clang | 0.1.2 | 631.44 | OK | |||
r-devel-linux-x86_64-fedora-gcc | 0.1.2 | 597.94 | OK | |||
r-devel-windows-x86_64 | 0.1.2 | 53.00 | 293.00 | 346.00 | OK | |
r-patched-linux-x86_64 | 0.1.2 | 50.10 | 292.43 | 342.53 | OK | |
r-release-linux-x86_64 | 0.1.2 | 48.14 | 295.42 | 343.56 | OK | |
r-release-macos-arm64 | 0.1.2 | 241.00 | OK | |||
r-release-macos-x86_64 | 0.1.2 | 387.00 | OK | |||
r-release-windows-x86_64 | 0.1.2 | 54.00 | 308.00 | 362.00 | OK | |
r-oldrel-macos-arm64 | 0.1.2 | 189.00 | NOTE | |||
r-oldrel-macos-x86_64 | 0.1.2 | 570.00 | NOTE | |||
r-oldrel-windows-x86_64 | 0.1.2 | 61.00 | 442.00 | 503.00 | OK |
Version: 0.1.2
Check: examples
Result: NOTE
Examples with CPU (user + system) or elapsed time > 5s
user system elapsed
heter_covariate 3.097 0 6.925
Flavor: r-devel-linux-x86_64-debian-gcc
Version: 0.1.2
Check: installed package size
Result: NOTE
installed size is 6.0Mb
sub-directories of 1Mb or more:
libs 5.7Mb
Flavors: r-oldrel-macos-arm64, r-oldrel-macos-x86_64