Last updated on 2025-04-30 04:50:11 CEST.
Flavor | Version | Tinstall | Tcheck | Ttotal | Status | Flags |
---|---|---|---|---|---|---|
r-devel-linux-x86_64-debian-clang | 0.99.2 | 43.98 | 31.72 | 75.70 | NOTE | |
r-devel-linux-x86_64-debian-gcc | 0.99.2 | 29.65 | 24.22 | 53.87 | OK | |
r-devel-linux-x86_64-fedora-clang | 0.99.2 | 146.12 | OK | |||
r-devel-linux-x86_64-fedora-gcc | 0.99.2 | 134.18 | OK | |||
r-devel-windows-x86_64 | 0.99.2 | 49.00 | 76.00 | 125.00 | OK | |
r-patched-linux-x86_64 | 0.99.2 | 39.38 | 29.96 | 69.34 | OK | |
r-release-linux-x86_64 | 0.99.2 | 39.37 | 30.15 | 69.52 | OK | |
r-release-macos-arm64 | 0.99.2 | 34.00 | OK | |||
r-release-macos-x86_64 | 0.99.2 | 55.00 | OK | |||
r-release-windows-x86_64 | 0.99.2 | 50.00 | 74.00 | 124.00 | OK | |
r-oldrel-macos-arm64 | 0.99.2 | 35.00 | OK | |||
r-oldrel-macos-x86_64 | 0.99.2 | 43.00 | OK | |||
r-oldrel-windows-x86_64 | 0.99.2 | 56.00 | 80.00 | 136.00 | OK |
Version: 0.99.2
Check: examples
Result: NOTE
Examples with CPU (user + system) or elapsed time > 5s
user system elapsed
fit_mlsbm 5.536 0.003 9.704
Flavor: r-devel-linux-x86_64-debian-clang