CRAN Package Check Results for Package mlts

Last updated on 2025-04-30 04:50:11 CEST.

Flavor Version Tinstall Tcheck Ttotal Status Flags
r-devel-linux-x86_64-debian-clang 1.0.0 789.32 197.78 987.10 OK
r-devel-linux-x86_64-debian-gcc 1.0.0 705.89 181.34 887.23 OK
r-devel-linux-x86_64-fedora-clang 1.0.0 1382.80 OK
r-devel-linux-x86_64-fedora-gcc 1.0.0 2001.31 OK
r-devel-windows-x86_64 1.0.0 725.00 276.00 1001.00 OK
r-patched-linux-x86_64 1.0.0 898.40 249.88 1148.28 OK
r-release-linux-x86_64 1.0.0 852.18 247.87 1100.05 OK
r-release-macos-arm64 1.0.0 383.00 OK
r-release-macos-x86_64 1.0.0 523.00 OK
r-release-windows-x86_64 1.0.0 710.00 261.00 971.00 OK
r-oldrel-macos-arm64 1.0.0 204.00 NOTE
r-oldrel-macos-x86_64 1.0.0 207.00 NOTE
r-oldrel-windows-x86_64 1.0.0 836.00 339.00 1175.00 NOTE

Check Details

Version: 1.0.0
Check: installed package size
Result: NOTE installed size is 134.8Mb sub-directories of 1Mb or more: doc 1.2Mb libs 132.7Mb Flavors: r-oldrel-macos-arm64, r-oldrel-macos-x86_64, r-oldrel-windows-x86_64

Version: 1.0.0
Check: for GNU extensions in Makefiles
Result: NOTE GNU make is a SystemRequirements. Flavors: r-oldrel-macos-arm64, r-oldrel-macos-x86_64, r-oldrel-windows-x86_64