Last updated on 2025-04-30 04:50:11 CEST.
Flavor | Version | Tinstall | Tcheck | Ttotal | Status | Flags |
---|---|---|---|---|---|---|
r-devel-linux-x86_64-debian-clang | 10.7-1 | 24.09 | 166.93 | 191.02 | NOTE | |
r-devel-linux-x86_64-debian-gcc | 10.7-1 | 14.69 | 110.60 | 125.29 | NOTE | |
r-devel-linux-x86_64-fedora-clang | 10.7-1 | 299.67 | OK | |||
r-devel-linux-x86_64-fedora-gcc | 10.7-1 | 300.76 | OK | |||
r-devel-windows-x86_64 | 10.7-1 | 25.00 | 168.00 | 193.00 | OK | |
r-patched-linux-x86_64 | 10.7-1 | 23.04 | 155.69 | 178.73 | OK | |
r-release-linux-x86_64 | 10.7-1 | 23.87 | 161.79 | 185.66 | OK | |
r-release-macos-arm64 | 10.7-1 | 108.00 | OK | |||
r-release-macos-x86_64 | 10.7-1 | 214.00 | OK | |||
r-release-windows-x86_64 | 10.7-1 | 23.00 | 152.00 | 175.00 | OK | |
r-oldrel-macos-arm64 | 10.7-1 | 74.00 | OK | |||
r-oldrel-macos-x86_64 | 10.7-1 | 122.00 | OK | |||
r-oldrel-windows-x86_64 | 10.7-1 | 30.00 | 194.00 | 224.00 | OK |
Version: 10.7-1
Check: CRAN incoming feasibility
Result: NOTE
Maintainer: ‘Qingzhao Yu <qyu@lsuhsc.edu>’
No Authors@R field in DESCRIPTION.
Please add one, modifying
Authors@R: c(person(given = "Qingzhao",
family = "Yu",
role = c("aut", "cre"),
email = "qyu@lsuhsc.edu"),
person(given = "Bin",
family = "Li",
role = "aut"))
as necessary.
Flavors: r-devel-linux-x86_64-debian-clang, r-devel-linux-x86_64-debian-gcc