CRAN Package Check Results for Package mmabig

Last updated on 2025-04-30 04:50:11 CEST.

Flavor Version Tinstall Tcheck Ttotal Status Flags
r-devel-linux-x86_64-debian-clang 3.2-0 9.31 82.15 91.46 NOTE
r-devel-linux-x86_64-debian-gcc 3.2-0 6.53 61.92 68.45 NOTE
r-devel-linux-x86_64-fedora-clang 3.2-0 148.08 OK
r-devel-linux-x86_64-fedora-gcc 3.2-0 157.47 OK
r-devel-windows-x86_64 3.2-0 12.00 92.00 104.00 OK
r-patched-linux-x86_64 3.2-0 9.04 80.11 89.15 OK
r-release-linux-x86_64 3.2-0 8.16 79.66 87.82 OK
r-release-macos-arm64 3.2-0 60.00 OK
r-release-macos-x86_64 3.2-0 94.00 OK
r-release-windows-x86_64 3.2-0 12.00 90.00 102.00 OK
r-oldrel-macos-arm64 3.2-0 47.00 OK
r-oldrel-macos-x86_64 3.2-0 69.00 OK
r-oldrel-windows-x86_64 3.2-0 14.00 110.00 124.00 OK

Check Details

Version: 3.2-0
Check: CRAN incoming feasibility
Result: NOTE Maintainer: ‘Qingzhao Yu <qyu@lsuhsc.edu>’ No Authors@R field in DESCRIPTION. Please add one, modifying Authors@R: c(person(given = "Qingzhao", family = "Yu", role = c("aut", "cre"), email = "qyu@lsuhsc.edu"), person(given = "Bin", family = "Li", role = "aut")) as necessary. Flavors: r-devel-linux-x86_64-debian-clang, r-devel-linux-x86_64-debian-gcc