CRAN Package Check Results for Package mmb

Last updated on 2025-04-30 04:50:11 CEST.

Flavor Version Tinstall Tcheck Ttotal Status Flags
r-devel-linux-x86_64-debian-clang 0.13.3 2.74 100.60 103.34 NOTE
r-devel-linux-x86_64-debian-gcc 0.13.3 1.97 65.80 67.77 NOTE
r-devel-linux-x86_64-fedora-clang 0.13.3 165.59 NOTE
r-devel-linux-x86_64-fedora-gcc 0.13.3 171.13 NOTE
r-devel-windows-x86_64 0.13.3 5.00 115.00 120.00 OK
r-patched-linux-x86_64 0.13.3 3.49 94.75 98.24 OK
r-release-linux-x86_64 0.13.3 3.00 93.73 96.73 OK
r-release-macos-arm64 0.13.3 68.00 OK
r-release-macos-x86_64 0.13.3 112.00 OK
r-release-windows-x86_64 0.13.3 4.00 99.00 103.00 OK
r-oldrel-macos-arm64 0.13.3 55.00 NOTE
r-oldrel-macos-x86_64 0.13.3 88.00 NOTE
r-oldrel-windows-x86_64 0.13.3 5.00 152.00 157.00 NOTE

Check Details

Version: 0.13.3
Check: CRAN incoming feasibility
Result: NOTE Maintainer: ‘Sebastian Hönel <sebastian.honel@lnu.se>’ No Authors@R field in DESCRIPTION. Please add one, modifying Authors@R: person(given = "Sebastian", family = "Hönel", role = c("aut", "cre"), email = "sebastian.honel@lnu.se") as necessary. Flavors: r-devel-linux-x86_64-debian-clang, r-devel-linux-x86_64-debian-gcc

Version: 0.13.3
Check: examples
Result: NOTE Examples with CPU (user + system) or elapsed time > 5s user system elapsed bayesProbabilityAssign 5.995 0.069 8.232 Flavor: r-devel-linux-x86_64-debian-clang

Version: 0.13.3
Check: examples
Result: NOTE Examples with CPU (user + system) or elapsed time > 5s user system elapsed bayesProbabilityAssign 3.801 0.001 6.617 Flavor: r-devel-linux-x86_64-debian-gcc

Version: 0.13.3
Check: dependencies in R code
Result: NOTE Namespaces in Imports field not imported from: ‘datasets’ ‘doParallel’ ‘parallel’ All declared Imports should be used. Flavors: r-devel-linux-x86_64-fedora-clang, r-devel-linux-x86_64-fedora-gcc

Version: 0.13.3
Check: LazyData
Result: NOTE 'LazyData' is specified without a 'data' directory Flavors: r-oldrel-macos-arm64, r-oldrel-macos-x86_64, r-oldrel-windows-x86_64