CRAN Package Check Results for Package mmcif

Last updated on 2025-04-30 04:50:11 CEST.

Flavor Version Tinstall Tcheck Ttotal Status Flags
r-devel-linux-x86_64-debian-clang 0.1.1 214.43 67.99 282.42 NOTE
r-devel-linux-x86_64-debian-gcc 0.1.1 150.25 46.45 196.70 NOTE
r-devel-linux-x86_64-fedora-clang 0.1.1 624.98 NOTE
r-devel-linux-x86_64-fedora-gcc 0.1.1 579.31 NOTE
r-devel-windows-x86_64 0.1.1 250.00 109.00 359.00 NOTE
r-patched-linux-x86_64 0.1.1 210.08 60.55 270.63 NOTE
r-release-linux-x86_64 0.1.1 219.18 61.01 280.19 NOTE
r-release-macos-arm64 0.1.1 129.00 NOTE
r-release-macos-x86_64 0.1.1 176.00 NOTE
r-release-windows-x86_64 0.1.1 250.00 117.00 367.00 NOTE
r-oldrel-macos-arm64 0.1.1 118.00 NOTE
r-oldrel-macos-x86_64 0.1.1 116.00 NOTE
r-oldrel-windows-x86_64 0.1.1 282.00 140.00 422.00 OK

Check Details

Version: 0.1.1
Check: DESCRIPTION meta-information
Result: NOTE Missing dependency on R >= 4.1.0 because package code uses the pipe |> or function shorthand \(...) syntax added in R 4.1.0. File(s) using such syntax: ‘mmcif_data.Rd’ ‘mmcif_fit.Rd’ ‘mmcif_logLik.Rd’ ‘mmcif_pd_cond.Rd’ ‘mmcif_pd_univariate.Rd’ ‘mmcif_sandwich.Rd’ ‘mmcif_start_values.Rd’ Flavors: r-devel-linux-x86_64-debian-clang, r-devel-linux-x86_64-debian-gcc, r-devel-linux-x86_64-fedora-clang, r-devel-linux-x86_64-fedora-gcc, r-devel-windows-x86_64, r-patched-linux-x86_64, r-release-linux-x86_64, r-release-macos-arm64, r-release-macos-x86_64, r-release-windows-x86_64

Version: 0.1.1
Check: Rd cross-references
Result: NOTE Found the following Rd file(s) with Rd \link{} targets missing package anchors: mmcif_fit.Rd: auglag Please provide package anchors for all Rd \link{} targets not in the package itself and the base packages. Flavors: r-devel-linux-x86_64-debian-clang, r-devel-linux-x86_64-debian-gcc, r-devel-windows-x86_64, r-patched-linux-x86_64, r-release-linux-x86_64, r-release-windows-x86_64

Version: 0.1.1
Check: installed package size
Result: NOTE installed size is 16.8Mb sub-directories of 1Mb or more: doc 1.3Mb libs 15.0Mb Flavors: r-oldrel-macos-arm64, r-oldrel-macos-x86_64