Last updated on 2025-04-30 04:50:11 CEST.
Flavor | Version | Tinstall | Tcheck | Ttotal | Status | Flags |
---|---|---|---|---|---|---|
r-devel-linux-x86_64-debian-clang | 0.2.0 | 13.22 | 156.08 | 169.30 | NOTE | |
r-devel-linux-x86_64-debian-gcc | 0.2.0 | 9.44 | 102.10 | 111.54 | OK | |
r-devel-linux-x86_64-fedora-clang | 0.2.0 | 269.85 | OK | |||
r-devel-linux-x86_64-fedora-gcc | 0.2.0 | 258.89 | OK | |||
r-devel-windows-x86_64 | 0.2.0 | 14.00 | 146.00 | 160.00 | OK | |
r-patched-linux-x86_64 | 0.2.0 | 13.28 | 142.57 | 155.85 | OK | |
r-release-linux-x86_64 | 0.2.0 | 11.63 | 145.44 | 157.07 | OK | |
r-release-macos-arm64 | 0.2.0 | 69.00 | OK | |||
r-release-macos-x86_64 | 0.2.0 | 146.00 | OK | |||
r-release-windows-x86_64 | 0.2.0 | 16.00 | 137.00 | 153.00 | OK | |
r-oldrel-macos-arm64 | 0.2.0 | 69.00 | OK | |||
r-oldrel-macos-x86_64 | 0.2.0 | 134.00 | OK | |||
r-oldrel-windows-x86_64 | 0.2.0 | 18.00 | 183.00 | 201.00 | OK |
Version: 0.2.0
Check: examples
Result: NOTE
Examples with CPU (user + system) or elapsed time > 5s
user system elapsed
pwr_func_lmer 6.883 0.223 10.602
Flavor: r-devel-linux-x86_64-debian-clang