Last updated on 2025-02-21 03:52:19 CET.
Flavor | Version | Tinstall | Tcheck | Ttotal | Status | Flags |
---|---|---|---|---|---|---|
r-devel-linux-x86_64-debian-clang | 0.3.1 | 2.94 | 42.86 | 45.80 | NOTE | |
r-devel-linux-x86_64-debian-gcc | 0.3.1 | 2.19 | 33.49 | 35.68 | NOTE | |
r-devel-linux-x86_64-fedora-clang | 0.3.1 | 71.40 | NOTE | |||
r-devel-linux-x86_64-fedora-gcc | 0.3.1 | 70.71 | NOTE | |||
r-devel-macos-arm64 | 0.3.1 | 24.00 | OK | |||
r-devel-macos-x86_64 | 0.3.1 | 43.00 | NOTE | |||
r-devel-windows-x86_64 | 0.3.1 | 6.00 | 71.00 | 77.00 | NOTE | |
r-patched-linux-x86_64 | 0.3.1 | 3.67 | 41.36 | 45.03 | OK | |
r-release-linux-x86_64 | 0.3.1 | 2.95 | 41.71 | 44.66 | OK | |
r-release-macos-arm64 | 0.3.1 | 27.00 | OK | |||
r-release-macos-x86_64 | 0.3.1 | 53.00 | OK | |||
r-release-windows-x86_64 | 0.3.1 | 6.00 | 65.00 | 71.00 | OK | |
r-oldrel-macos-arm64 | 0.3.1 | 32.00 | OK | |||
r-oldrel-macos-x86_64 | 0.3.1 | 51.00 | OK | |||
r-oldrel-windows-x86_64 | 0.3.1 | 7.00 | 89.00 | 96.00 | OK |
Version: 0.3.1
Check: DESCRIPTION meta-information
Result: NOTE
Missing dependency on R >= 4.1.0 because package code uses the pipe
|> or function shorthand \(...) syntax added in R 4.1.0.
File(s) using such syntax:
‘replext_helpers.R’ ‘replext_helpers_pgsql.R’
Flavors: r-devel-linux-x86_64-debian-clang, r-devel-linux-x86_64-debian-gcc, r-devel-linux-x86_64-fedora-clang, r-devel-linux-x86_64-fedora-gcc, r-devel-macos-x86_64, r-devel-windows-x86_64