CRAN Package Check Results for Package mmirestriktor

Last updated on 2025-04-30 04:50:11 CEST.

Flavor Version Tinstall Tcheck Ttotal Status Flags
r-devel-linux-x86_64-debian-clang 0.3.1 3.21 48.35 51.56 NOTE
r-devel-linux-x86_64-debian-gcc 0.3.1 2.24 32.45 34.69 NOTE
r-devel-linux-x86_64-fedora-clang 0.3.1 71.86 NOTE
r-devel-linux-x86_64-fedora-gcc 0.3.1 70.33 NOTE
r-devel-windows-x86_64 0.3.1 6.00 67.00 73.00 NOTE
r-patched-linux-x86_64 0.3.1 3.21 42.38 45.59 NOTE
r-release-linux-x86_64 0.3.1 3.03 41.83 44.86 NOTE
r-release-macos-arm64 0.3.1 27.00 NOTE
r-release-macos-x86_64 0.3.1 49.00 NOTE
r-release-windows-x86_64 0.3.1 7.00 70.00 77.00 NOTE
r-oldrel-macos-arm64 0.3.1 27.00 OK
r-oldrel-macos-x86_64 0.3.1 53.00 OK
r-oldrel-windows-x86_64 0.3.1 7.00 83.00 90.00 OK

Check Details

Version: 0.3.1
Check: DESCRIPTION meta-information
Result: NOTE Missing dependency on R >= 4.1.0 because package code uses the pipe |> or function shorthand \(...) syntax added in R 4.1.0. File(s) using such syntax: ‘iht_interpreter.Rd’ ‘lr_pow.Rd’ ‘pj_pow.Rd’ ‘replext_helpers.R’ ‘replext_helpers_pgsql.R’ ‘rm_interpreter.Rd’ Flavors: r-devel-linux-x86_64-debian-clang, r-devel-linux-x86_64-debian-gcc, r-devel-linux-x86_64-fedora-clang, r-devel-linux-x86_64-fedora-gcc, r-devel-windows-x86_64, r-patched-linux-x86_64, r-release-linux-x86_64, r-release-macos-arm64, r-release-macos-x86_64, r-release-windows-x86_64