Last updated on 2025-04-30 04:50:11 CEST.
Flavor | Version | Tinstall | Tcheck | Ttotal | Status | Flags |
---|---|---|---|---|---|---|
r-devel-linux-x86_64-debian-clang | 1.3.3 | 11.74 | 125.08 | 136.82 | NOTE | |
r-devel-linux-x86_64-debian-gcc | 1.3.3 | 9.53 | 88.15 | 97.68 | NOTE | |
r-devel-linux-x86_64-fedora-clang | 1.3.3 | 204.35 | OK | |||
r-devel-linux-x86_64-fedora-gcc | 1.3.3 | 207.76 | OK | |||
r-devel-windows-x86_64 | 1.3.3 | 13.00 | 136.00 | 149.00 | OK | |
r-patched-linux-x86_64 | 1.3.3 | 10.42 | 118.81 | 129.23 | OK | |
r-release-linux-x86_64 | 1.3.3 | 11.44 | 118.60 | 130.04 | OK | |
r-release-macos-arm64 | 1.3.3 | 70.00 | OK | |||
r-release-macos-x86_64 | 1.3.3 | 120.00 | OK | |||
r-release-windows-x86_64 | 1.3.3 | 15.00 | 136.00 | 151.00 | OK | |
r-oldrel-macos-arm64 | 1.3.3 | 62.00 | OK | |||
r-oldrel-macos-x86_64 | 1.3.3 | 98.00 | OK | |||
r-oldrel-windows-x86_64 | 1.3.3 | 17.00 | 169.00 | 186.00 | OK |
Version: 1.3.3
Check: CRAN incoming feasibility
Result: NOTE
Maintainer: ‘David Winter <david.winter@gmail.com>’
Package CITATION file contains call(s) to old-style personList() or
as.personList(). Please use c() on person objects instead.
Package CITATION file contains call(s) to old-style citEntry(). Please
use bibentry() instead.
Flavors: r-devel-linux-x86_64-debian-clang, r-devel-linux-x86_64-debian-gcc