Last updated on 2025-07-05 04:50:20 CEST.
Flavor | Version | Tinstall | Tcheck | Ttotal | Status | Flags |
---|---|---|---|---|---|---|
r-devel-linux-x86_64-debian-clang | 0.3.15 | 487.80 | 185.47 | 673.27 | OK | |
r-devel-linux-x86_64-debian-gcc | 0.3.15 | 406.41 | 167.19 | 573.60 | OK | |
r-devel-linux-x86_64-fedora-clang | 0.3.15 | 1088.36 | OK | |||
r-devel-linux-x86_64-fedora-gcc | 0.3.15 | 1426.61 | OK | |||
r-devel-windows-x86_64 | 0.3.15 | 487.00 | 294.00 | 781.00 | OK | |
r-patched-linux-x86_64 | 0.3.15 | 570.98 | 217.60 | 788.58 | OK | |
r-release-linux-x86_64 | 0.3.15 | 557.50 | 216.84 | 774.34 | OK | |
r-release-macos-arm64 | 0.3.15 | 261.00 | OK | |||
r-release-macos-x86_64 | 0.3.15 | 426.00 | OK | |||
r-release-windows-x86_64 | 0.3.15 | 488.00 | 311.00 | 799.00 | OK | |
r-oldrel-macos-arm64 | 0.3.15 | 283.00 | NOTE | |||
r-oldrel-macos-x86_64 | 0.3.15 | 402.00 | NOTE | |||
r-oldrel-windows-x86_64 | 0.3.15 | 587.00 | 332.00 | 919.00 | NOTE |
Version: 0.3.15
Check: installed package size
Result: NOTE
installed size is 121.2Mb
sub-directories of 1Mb or more:
libs 119.4Mb
Flavors: r-oldrel-macos-arm64, r-oldrel-macos-x86_64, r-oldrel-windows-x86_64