Last updated on 2025-04-30 04:50:11 CEST.
Flavor | Version | Tinstall | Tcheck | Ttotal | Status | Flags |
---|---|---|---|---|---|---|
r-devel-linux-x86_64-debian-clang | 0.1 | 17.41 | 22.57 | 39.98 | NOTE | |
r-devel-linux-x86_64-debian-gcc | 0.1 | 13.19 | 18.36 | 31.55 | NOTE | |
r-devel-linux-x86_64-fedora-clang | 0.1 | 74.67 | OK | |||
r-devel-linux-x86_64-fedora-gcc | 0.1 | 68.90 | OK | |||
r-devel-windows-x86_64 | 0.1 | 23.00 | 67.00 | 90.00 | OK | |
r-patched-linux-x86_64 | 0.1 | 17.39 | 21.76 | 39.15 | OK | |
r-release-linux-x86_64 | 0.1 | 17.79 | 21.58 | 39.37 | OK | |
r-release-macos-arm64 | 0.1 | 23.00 | OK | |||
r-release-macos-x86_64 | 0.1 | 42.00 | OK | |||
r-release-windows-x86_64 | 0.1 | 23.00 | 67.00 | 90.00 | OK | |
r-oldrel-macos-arm64 | 0.1 | 23.00 | NOTE | |||
r-oldrel-macos-x86_64 | 0.1 | 31.00 | NOTE | |||
r-oldrel-windows-x86_64 | 0.1 | 26.00 | 72.00 | 98.00 | NOTE |
Version: 0.1
Check: CRAN incoming feasibility
Result: NOTE
Maintainer: ‘Eoin O'Connell <eoin.m.oconnell@gmail.com>’
No Authors@R field in DESCRIPTION.
Please add one, modifying
Authors@R: person(given = "Eoin",
family = "O'Connell",
role = c("aut", "cre"),
email = "eoin.m.oconnell@gmail.com")
as necessary.
Flavors: r-devel-linux-x86_64-debian-clang, r-devel-linux-x86_64-debian-gcc
Version: 0.1
Check: LazyData
Result: NOTE
'LazyData' is specified without a 'data' directory
Flavors: r-oldrel-macos-arm64, r-oldrel-macos-x86_64, r-oldrel-windows-x86_64