Last updated on 2025-02-21 03:52:19 CET.
Flavor | Version | Tinstall | Tcheck | Ttotal | Status | Flags |
---|---|---|---|---|---|---|
r-devel-linux-x86_64-debian-clang | 1.0.9 | 2.43 | 53.58 | 56.01 | OK | |
r-devel-linux-x86_64-debian-gcc | 1.0.9 | 1.43 | 36.35 | 37.78 | OK | |
r-devel-linux-x86_64-fedora-clang | 1.0.9 | 87.36 | NOTE | |||
r-devel-linux-x86_64-fedora-gcc | 1.0.9 | 80.04 | NOTE | |||
r-devel-macos-arm64 | 1.0.9 | 28.00 | OK | |||
r-devel-macos-x86_64 | 1.0.9 | 91.00 | OK | |||
r-devel-windows-x86_64 | 1.0.9 | 4.00 | 69.00 | 73.00 | OK | |
r-patched-linux-x86_64 | 1.0.9 | 2.43 | 49.27 | 51.70 | OK | |
r-release-linux-x86_64 | 1.0.9 | 2.39 | 49.95 | 52.34 | OK | |
r-release-macos-arm64 | 1.0.9 | 26.00 | OK | |||
r-release-macos-x86_64 | 1.0.9 | 41.00 | OK | |||
r-release-windows-x86_64 | 1.0.9 | 4.00 | 68.00 | 72.00 | OK | |
r-oldrel-macos-arm64 | 1.0.9 | 26.00 | OK | |||
r-oldrel-macos-x86_64 | 1.0.9 | 37.00 | OK | |||
r-oldrel-windows-x86_64 | 1.0.9 | 6.00 | 106.00 | 112.00 | OK |
Version: 1.0.9
Check: dependencies in R code
Result: NOTE
Namespaces in Imports field not imported from:
‘MASS’ ‘Matrix’ ‘magrittr’ ‘reticulate’ ‘tensorflow’ ‘usethis’
All declared Imports should be used.
Flavors: r-devel-linux-x86_64-fedora-clang, r-devel-linux-x86_64-fedora-gcc