Last updated on 2025-04-30 04:50:12 CEST.
Flavor | Version | Tinstall | Tcheck | Ttotal | Status | Flags |
---|---|---|---|---|---|---|
r-devel-linux-x86_64-debian-clang | 1.0.9 | 2.68 | 53.85 | 56.53 | NOTE | |
r-devel-linux-x86_64-debian-gcc | 1.0.9 | 1.67 | 37.55 | 39.22 | NOTE | |
r-devel-linux-x86_64-fedora-clang | 1.0.9 | 86.41 | NOTE | |||
r-devel-linux-x86_64-fedora-gcc | 1.0.9 | 82.30 | NOTE | |||
r-devel-windows-x86_64 | 1.0.9 | 4.00 | 71.00 | 75.00 | OK | |
r-patched-linux-x86_64 | 1.0.9 | 2.90 | 51.76 | 54.66 | OK | |
r-release-linux-x86_64 | 1.0.9 | 1.81 | 51.02 | 52.83 | OK | |
r-release-macos-arm64 | 1.0.9 | 30.00 | OK | |||
r-release-macos-x86_64 | 1.0.9 | 91.00 | OK | |||
r-release-windows-x86_64 | 1.0.9 | 4.00 | 69.00 | 73.00 | OK | |
r-oldrel-macos-arm64 | 1.0.9 | 26.00 | OK | |||
r-oldrel-macos-x86_64 | 1.0.9 | 41.00 | OK | |||
r-oldrel-windows-x86_64 | 1.0.9 | 4.00 | 86.00 | 90.00 | OK |
Version: 1.0.9
Check: examples
Result: NOTE
Examples with CPU (user + system) or elapsed time > 5s
user system elapsed
EDNN 7.682 0.286 8.885
mnda_node_detection_2layer 5.911 0.048 6.627
ednn_IOprepare 5.779 0.076 6.628
mnda_embedding_2layer 5.797 0.010 6.406
Flavor: r-devel-linux-x86_64-debian-clang
Version: 1.0.9
Check: examples
Result: NOTE
Examples with CPU (user + system) or elapsed time > 5s
user system elapsed
EDNN 4.814 0.282 6.380
mnda_embedding_2layer 3.860 0.085 6.243
ednn_IOprepare 3.742 0.075 5.984
Flavor: r-devel-linux-x86_64-debian-gcc
Version: 1.0.9
Check: dependencies in R code
Result: NOTE
Namespaces in Imports field not imported from:
‘MASS’ ‘Matrix’ ‘magrittr’ ‘reticulate’ ‘tensorflow’ ‘usethis’
All declared Imports should be used.
Flavors: r-devel-linux-x86_64-fedora-clang, r-devel-linux-x86_64-fedora-gcc