CRAN Package Check Results for Package mniw

Last updated on 2025-04-30 04:50:12 CEST.

Flavor Version Tinstall Tcheck Ttotal Status Flags
r-devel-linux-x86_64-debian-clang 1.0.2 113.91 79.97 193.88 NOTE
r-devel-linux-x86_64-debian-gcc 1.0.2 91.98 64.16 156.14 OK
r-devel-linux-x86_64-fedora-clang 1.0.2 337.59 OK
r-devel-linux-x86_64-fedora-gcc 1.0.2 381.08 OK
r-devel-windows-x86_64 1.0.2 125.00 121.00 246.00 OK
r-patched-linux-x86_64 1.0.2 129.82 87.97 217.79 OK
r-release-linux-x86_64 1.0.2 128.10 90.10 218.20 OK
r-release-macos-arm64 1.0.2 90.00 OK
r-release-macos-x86_64 1.0.2 124.00 OK
r-release-windows-x86_64 1.0.2 125.00 125.00 250.00 OK
r-oldrel-macos-arm64 1.0.2 94.00 NOTE
r-oldrel-macos-x86_64 1.0.2 116.00 NOTE
r-oldrel-windows-x86_64 1.0.2 141.00 158.00 299.00 OK

Check Details

Version: 1.0.2
Check: examples
Result: NOTE Examples with CPU (user + system) or elapsed time > 5s user system elapsed RxNormLM 2.984 0.169 5.221 Flavor: r-devel-linux-x86_64-debian-clang

Version: 1.0.2
Check: installed package size
Result: NOTE installed size is 19.6Mb sub-directories of 1Mb or more: libs 19.4Mb Flavors: r-oldrel-macos-arm64, r-oldrel-macos-x86_64