Last updated on 2025-04-30 04:50:12 CEST.
Flavor | Version | Tinstall | Tcheck | Ttotal | Status | Flags |
---|---|---|---|---|---|---|
r-devel-linux-x86_64-debian-clang | 0.3-4 | 16.29 | 31.37 | 47.66 | NOTE | |
r-devel-linux-x86_64-debian-gcc | 0.3-4 | 11.15 | 24.83 | 35.98 | NOTE | |
r-devel-linux-x86_64-fedora-clang | 0.3-4 | 81.25 | OK | |||
r-devel-linux-x86_64-fedora-gcc | 0.3-4 | 75.68 | OK | |||
r-devel-windows-x86_64 | 0.3-4 | 22.00 | 75.00 | 97.00 | OK | |
r-patched-linux-x86_64 | 0.3-4 | 15.09 | 29.07 | 44.16 | OK | |
r-release-linux-x86_64 | 0.3-4 | 16.63 | 29.11 | 45.74 | OK | |
r-release-macos-arm64 | 0.3-4 | 26.00 | OK | |||
r-release-macos-x86_64 | 0.3-4 | 44.00 | OK | |||
r-release-windows-x86_64 | 0.3-4 | 23.00 | 65.00 | 88.00 | OK | |
r-oldrel-macos-arm64 | 0.3-4 | 24.00 | OK | |||
r-oldrel-macos-x86_64 | 0.3-4 | 38.00 | OK | |||
r-oldrel-windows-x86_64 | 0.3-4 | 24.00 | 84.00 | 108.00 | OK |
Version: 0.3-4
Check: CRAN incoming feasibility
Result: NOTE
Maintainer: ‘Alexander Robitzsch <robitzsch@ipn.uni-kiel.de>’
No Authors@R field in DESCRIPTION.
Please add one, modifying
Authors@R: person(given = "Alexander",
family = "Robitzsch",
role = c("aut", "cre"),
email = "robitzsch@ipn.uni-kiel.de",
comment = c(ORCID = "0000-0002-8226-3132"))
as necessary.
Flavors: r-devel-linux-x86_64-debian-clang, r-devel-linux-x86_64-debian-gcc